{"id":40,"date":"2023-02-22T18:10:30","date_gmt":"2023-02-22T17:10:30","guid":{"rendered":"https:\/\/robotisames.com\/pro\/?post_type=product&#038;p=40"},"modified":"2025-04-28T13:54:53","modified_gmt":"2025-04-28T11:54:53","slug":"controllino-maxi-automation-power","status":"publish","type":"product","link":"https:\/\/robotisames.com\/pro\/produit\/controllino-maxi-automation-power","title":{"rendered":"Controllino Maxi automation Power"},"content":{"rendered":"<p>La MAXI Automation est une version de Controllino MAXI sp\u00e9cialement con\u00e7ue pour r\u00e9pondre aux besoins des sp\u00e9cialistes de l&rsquo;automatisation qui ont besoin d&rsquo;E\/S 0-10V et est maintenant disponible sous forme de variante MAXI Power Automation avec 5 relais de 16 amp\u00e8res ! C&rsquo;est le compromis parfait entre la taille compacte et la grande quantit\u00e9 d&rsquo;entr\u00e9es et de sorties. La comp\u00e9tence principale est sa flexibilit\u00e9. Notez que MAXI Power Automation fonctionne uniquement avec une tension d&rsquo;alimentation de 24V CC.<\/p>\n","protected":false},"excerpt":{"rendered":"<p>Automate industriel programmable<\/p>\n","protected":false},"featured_media":42,"template":"","meta":{"site-sidebar-layout":"default","site-content-layout":"default","ast-site-content-layout":"","site-content-style":"default","site-sidebar-style":"default","ast-global-header-display":"","ast-banner-title-visibility":"","ast-main-header-display":"","ast-hfb-above-header-display":"","ast-hfb-below-header-display":"","ast-hfb-mobile-header-display":"","site-post-title":"","ast-breadcrumbs-content":"","ast-featured-img":"","footer-sml-layout":"","theme-transparent-header-meta":"default","adv-header-id-meta":"","stick-header-meta":"","header-above-stick-meta":"","header-main-stick-meta":"","header-below-stick-meta":"","astra-migrate-meta-layouts":"default","ast-page-background-enabled":"default","ast-page-background-meta":{"desktop":{"background-color":"var(--ast-global-color-4)","background-image":"","background-repeat":"repeat","background-position":"center center","background-size":"auto","background-attachment":"scroll","background-type":"","background-media":"","overlay-type":"","overlay-color":"","overlay-opacity":"","overlay-gradient":""},"tablet":{"background-color":"","background-image":"","background-repeat":"repeat","background-position":"center center","background-size":"auto","background-attachment":"scroll","background-type":"","background-media":"","overlay-type":"","overlay-color":"","overlay-opacity":"","overlay-gradient":""},"mobile":{"background-color":"","background-image":"","background-repeat":"repeat","background-position":"center center","background-size":"auto","background-attachment":"scroll","background-type":"","background-media":"","overlay-type":"","overlay-color":"","overlay-opacity":"","overlay-gradient":""}},"ast-content-background-meta":{"desktop":{"background-color":"var(--ast-global-color-5)","background-image":"","background-repeat":"repeat","background-position":"center center","background-size":"auto","background-attachment":"scroll","background-type":"","background-media":"","overlay-type":"","overlay-color":"","overlay-opacity":"","overlay-gradient":""},"tablet":{"background-color":"var(--ast-global-color-5)","background-image":"","background-repeat":"repeat","background-position":"center center","background-size":"auto","background-attachment":"scroll","background-type":"","background-media":"","overlay-type":"","overlay-color":"","overlay-opacity":"","overlay-gradient":""},"mobile":{"background-color":"var(--ast-global-color-5)","background-image":"","background-repeat":"repeat","background-position":"center center","background-size":"auto","background-attachment":"scroll","background-type":"","background-media":"","overlay-type":"","overlay-color":"","overlay-opacity":"","overlay-gradient":""}}},"product_brand":[],"product_cat":[19],"product_tag":[],"class_list":{"0":"post-40","1":"product","2":"type-product","3":"status-publish","4":"has-post-thumbnail","6":"product_cat-controllino","7":"product_shipping_class-amana","8":"desktop-align-left","9":"tablet-align-left","10":"mobile-align-left","12":"first","13":"instock","14":"taxable","15":"shipping-taxable","16":"purchasable","17":"product-type-simple"},"yoast_head":"<!-- This site is optimized with the Yoast SEO plugin v27.6 - https:\/\/yoast.com\/product\/yoast-seo-wordpress\/ -->\n<title>Controllino Maxi automation Power<\/title>\n<meta name=\"description\" content=\"La MAXI Automation est une version de Controllino MAXI sp\u00e9cialement con\u00e7ue pour r\u00e9pondre aux besoins des sp\u00e9cialistes de l&#039;automatisation qui ont besoin d&#039;E\/S 0-10V et est maintenant disponible sous forme de variante MAXI Power Automation avec 5 relais de 16 amp\u00e8res ! C&#039;est le compromis parfait entre la taille compacte et la grande quantit\u00e9 d&#039;entr\u00e9es et de sorties. La comp\u00e9tence principale est sa flexibilit\u00e9. Notez que MAXI Power Automation fonctionne uniquement avec une tension d&#039;alimentation de 24V CC.\" \/>\n<meta name=\"robots\" content=\"index, follow, max-snippet:-1, max-image-preview:large, max-video-preview:-1\" \/>\n<link rel=\"canonical\" href=\"https:\/\/robotisames.com\/pro\/produit\/controllino-maxi-automation-power\/\" \/>\n<meta property=\"og:locale\" content=\"fr_FR\" \/>\n<meta property=\"og:type\" content=\"article\" \/>\n<meta property=\"og:title\" content=\"Controllino Maxi automation Power\" \/>\n<meta property=\"og:description\" content=\"La MAXI Automation est une version de Controllino MAXI sp\u00e9cialement con\u00e7ue pour r\u00e9pondre aux besoins des sp\u00e9cialistes de l&#039;automatisation qui ont besoin d&#039;E\/S 0-10V et est maintenant disponible sous forme de variante MAXI Power Automation avec 5 relais de 16 amp\u00e8res ! C&#039;est le compromis parfait entre la taille compacte et la grande quantit\u00e9 d&#039;entr\u00e9es et de sorties. La comp\u00e9tence principale est sa flexibilit\u00e9. Notez que MAXI Power Automation fonctionne uniquement avec une tension d&#039;alimentation de 24V CC.\" \/>\n<meta property=\"og:url\" content=\"https:\/\/robotisames.com\/pro\/produit\/controllino-maxi-automation-power\/\" \/>\n<meta property=\"og:site_name\" content=\"Robotis\u00e2mes Pro\" \/>\n<meta property=\"article:modified_time\" content=\"2025-04-28T11:54:53+00:00\" \/>\n<meta property=\"og:image\" content=\"https:\/\/robotisames.com\/pro\/wp-content\/uploads\/2023\/02\/MAXI_Power_Automation_2_CORR.jpg\" \/>\n\t<meta property=\"og:image:width\" content=\"768\" \/>\n\t<meta property=\"og:image:height\" content=\"768\" \/>\n\t<meta property=\"og:image:type\" content=\"image\/jpeg\" \/>\n<meta name=\"twitter:card\" content=\"summary_large_image\" \/>\n<meta name=\"twitter:label1\" content=\"Dur\u00e9e de lecture estim\u00e9e\" \/>\n\t<meta name=\"twitter:data1\" content=\"1 minute\" \/>\n<script type=\"application\/ld+json\" class=\"yoast-schema-graph\">{\"@context\":\"https:\\\/\\\/schema.org\",\"@graph\":[{\"@type\":\"WebPage\",\"@id\":\"https:\\\/\\\/robotisames.com\\\/pro\\\/produit\\\/controllino-maxi-automation-power\\\/\",\"url\":\"https:\\\/\\\/robotisames.com\\\/pro\\\/produit\\\/controllino-maxi-automation-power\\\/\",\"name\":\"Controllino Maxi automation Power\",\"isPartOf\":{\"@id\":\"https:\\\/\\\/robotisames.com\\\/pro\\\/#website\"},\"primaryImageOfPage\":{\"@id\":\"https:\\\/\\\/robotisames.com\\\/pro\\\/produit\\\/controllino-maxi-automation-power\\\/#primaryimage\"},\"image\":{\"@id\":\"https:\\\/\\\/robotisames.com\\\/pro\\\/produit\\\/controllino-maxi-automation-power\\\/#primaryimage\"},\"thumbnailUrl\":\"https:\\\/\\\/robotisames.com\\\/pro\\\/wp-content\\\/uploads\\\/2023\\\/02\\\/MAXI_Power_Automation_2_CORR.jpg\",\"datePublished\":\"2023-02-22T17:10:30+00:00\",\"dateModified\":\"2025-04-28T11:54:53+00:00\",\"description\":\"La MAXI Automation est une version de Controllino MAXI sp\u00e9cialement con\u00e7ue pour r\u00e9pondre aux besoins des sp\u00e9cialistes de l'automatisation qui ont besoin d'E\\\/S 0-10V et est maintenant disponible sous forme de variante MAXI Power Automation avec 5 relais de 16 amp\u00e8res ! C'est le compromis parfait entre la taille compacte et la grande quantit\u00e9 d'entr\u00e9es et de sorties. La comp\u00e9tence principale est sa flexibilit\u00e9. Notez que MAXI Power Automation fonctionne uniquement avec une tension d'alimentation de 24V CC.\",\"breadcrumb\":{\"@id\":\"https:\\\/\\\/robotisames.com\\\/pro\\\/produit\\\/controllino-maxi-automation-power\\\/#breadcrumb\"},\"inLanguage\":\"fr-FR\",\"potentialAction\":[{\"@type\":\"ReadAction\",\"target\":[\"https:\\\/\\\/robotisames.com\\\/pro\\\/produit\\\/controllino-maxi-automation-power\\\/\"]}]},{\"@type\":\"ImageObject\",\"inLanguage\":\"fr-FR\",\"@id\":\"https:\\\/\\\/robotisames.com\\\/pro\\\/produit\\\/controllino-maxi-automation-power\\\/#primaryimage\",\"url\":\"https:\\\/\\\/robotisames.com\\\/pro\\\/wp-content\\\/uploads\\\/2023\\\/02\\\/MAXI_Power_Automation_2_CORR.jpg\",\"contentUrl\":\"https:\\\/\\\/robotisames.com\\\/pro\\\/wp-content\\\/uploads\\\/2023\\\/02\\\/MAXI_Power_Automation_2_CORR.jpg\",\"width\":768,\"height\":768},{\"@type\":\"BreadcrumbList\",\"@id\":\"https:\\\/\\\/robotisames.com\\\/pro\\\/produit\\\/controllino-maxi-automation-power\\\/#breadcrumb\",\"itemListElement\":[{\"@type\":\"ListItem\",\"position\":1,\"name\":\"Accueil\",\"item\":\"https:\\\/\\\/robotisames.com\\\/pro\\\/\"},{\"@type\":\"ListItem\",\"position\":2,\"name\":\"Automates programmables\",\"item\":\"https:\\\/\\\/robotisames.com\\\/pro\\\/automates-programmables\"},{\"@type\":\"ListItem\",\"position\":3,\"name\":\"Controllino Maxi automation Power\"}]},{\"@type\":\"WebSite\",\"@id\":\"https:\\\/\\\/robotisames.com\\\/pro\\\/#website\",\"url\":\"https:\\\/\\\/robotisames.com\\\/pro\\\/\",\"name\":\"Robotis\u00e2mes Pro\",\"description\":\"Distributeur officiel Industrial Shields au Maroc\",\"publisher\":{\"@id\":\"https:\\\/\\\/robotisames.com\\\/pro\\\/#organization\"},\"potentialAction\":[{\"@type\":\"SearchAction\",\"target\":{\"@type\":\"EntryPoint\",\"urlTemplate\":\"https:\\\/\\\/robotisames.com\\\/pro\\\/?s={search_term_string}\"},\"query-input\":{\"@type\":\"PropertyValueSpecification\",\"valueRequired\":true,\"valueName\":\"search_term_string\"}}],\"inLanguage\":\"fr-FR\"},{\"@type\":\"Organization\",\"@id\":\"https:\\\/\\\/robotisames.com\\\/pro\\\/#organization\",\"name\":\"Robotis\u00e2mes Pro\",\"url\":\"https:\\\/\\\/robotisames.com\\\/pro\\\/\",\"logo\":{\"@type\":\"ImageObject\",\"inLanguage\":\"fr-FR\",\"@id\":\"https:\\\/\\\/robotisames.com\\\/pro\\\/#\\\/schema\\\/logo\\\/image\\\/\",\"url\":\"https:\\\/\\\/robotisames.com\\\/pro\\\/wp-content\\\/uploads\\\/2023\\\/02\\\/logo-robotisames-pro.png\",\"contentUrl\":\"https:\\\/\\\/robotisames.com\\\/pro\\\/wp-content\\\/uploads\\\/2023\\\/02\\\/logo-robotisames-pro.png\",\"width\":2172,\"height\":330,\"caption\":\"Robotis\u00e2mes Pro\"},\"image\":{\"@id\":\"https:\\\/\\\/robotisames.com\\\/pro\\\/#\\\/schema\\\/logo\\\/image\\\/\"}}]}<\/script>\n<!-- \/ Yoast SEO plugin. -->","yoast_head_json":{"title":"Controllino Maxi automation Power","description":"La MAXI Automation est une version de Controllino MAXI sp\u00e9cialement con\u00e7ue pour r\u00e9pondre aux besoins des sp\u00e9cialistes de l'automatisation qui ont besoin d'E\/S 0-10V et est maintenant disponible sous forme de variante MAXI Power Automation avec 5 relais de 16 amp\u00e8res ! C'est le compromis parfait entre la taille compacte et la grande quantit\u00e9 d'entr\u00e9es et de sorties. La comp\u00e9tence principale est sa flexibilit\u00e9. Notez que MAXI Power Automation fonctionne uniquement avec une tension d'alimentation de 24V CC.","robots":{"index":"index","follow":"follow","max-snippet":"max-snippet:-1","max-image-preview":"max-image-preview:large","max-video-preview":"max-video-preview:-1"},"canonical":"https:\/\/robotisames.com\/pro\/produit\/controllino-maxi-automation-power\/","og_locale":"fr_FR","og_type":"article","og_title":"Controllino Maxi automation Power","og_description":"La MAXI Automation est une version de Controllino MAXI sp\u00e9cialement con\u00e7ue pour r\u00e9pondre aux besoins des sp\u00e9cialistes de l'automatisation qui ont besoin d'E\/S 0-10V et est maintenant disponible sous forme de variante MAXI Power Automation avec 5 relais de 16 amp\u00e8res ! C'est le compromis parfait entre la taille compacte et la grande quantit\u00e9 d'entr\u00e9es et de sorties. La comp\u00e9tence principale est sa flexibilit\u00e9. Notez que MAXI Power Automation fonctionne uniquement avec une tension d'alimentation de 24V CC.","og_url":"https:\/\/robotisames.com\/pro\/produit\/controllino-maxi-automation-power\/","og_site_name":"Robotis\u00e2mes Pro","article_modified_time":"2025-04-28T11:54:53+00:00","og_image":[{"width":768,"height":768,"url":"https:\/\/robotisames.com\/pro\/wp-content\/uploads\/2023\/02\/MAXI_Power_Automation_2_CORR.jpg","type":"image\/jpeg"}],"twitter_card":"summary_large_image","twitter_misc":{"Dur\u00e9e de lecture estim\u00e9e":"1 minute"},"schema":{"@context":"https:\/\/schema.org","@graph":[{"@type":"WebPage","@id":"https:\/\/robotisames.com\/pro\/produit\/controllino-maxi-automation-power\/","url":"https:\/\/robotisames.com\/pro\/produit\/controllino-maxi-automation-power\/","name":"Controllino Maxi automation Power","isPartOf":{"@id":"https:\/\/robotisames.com\/pro\/#website"},"primaryImageOfPage":{"@id":"https:\/\/robotisames.com\/pro\/produit\/controllino-maxi-automation-power\/#primaryimage"},"image":{"@id":"https:\/\/robotisames.com\/pro\/produit\/controllino-maxi-automation-power\/#primaryimage"},"thumbnailUrl":"https:\/\/robotisames.com\/pro\/wp-content\/uploads\/2023\/02\/MAXI_Power_Automation_2_CORR.jpg","datePublished":"2023-02-22T17:10:30+00:00","dateModified":"2025-04-28T11:54:53+00:00","description":"La MAXI Automation est une version de Controllino MAXI sp\u00e9cialement con\u00e7ue pour r\u00e9pondre aux besoins des sp\u00e9cialistes de l'automatisation qui ont besoin d'E\/S 0-10V et est maintenant disponible sous forme de variante MAXI Power Automation avec 5 relais de 16 amp\u00e8res ! C'est le compromis parfait entre la taille compacte et la grande quantit\u00e9 d'entr\u00e9es et de sorties. La comp\u00e9tence principale est sa flexibilit\u00e9. Notez que MAXI Power Automation fonctionne uniquement avec une tension d'alimentation de 24V CC.","breadcrumb":{"@id":"https:\/\/robotisames.com\/pro\/produit\/controllino-maxi-automation-power\/#breadcrumb"},"inLanguage":"fr-FR","potentialAction":[{"@type":"ReadAction","target":["https:\/\/robotisames.com\/pro\/produit\/controllino-maxi-automation-power\/"]}]},{"@type":"ImageObject","inLanguage":"fr-FR","@id":"https:\/\/robotisames.com\/pro\/produit\/controllino-maxi-automation-power\/#primaryimage","url":"https:\/\/robotisames.com\/pro\/wp-content\/uploads\/2023\/02\/MAXI_Power_Automation_2_CORR.jpg","contentUrl":"https:\/\/robotisames.com\/pro\/wp-content\/uploads\/2023\/02\/MAXI_Power_Automation_2_CORR.jpg","width":768,"height":768},{"@type":"BreadcrumbList","@id":"https:\/\/robotisames.com\/pro\/produit\/controllino-maxi-automation-power\/#breadcrumb","itemListElement":[{"@type":"ListItem","position":1,"name":"Accueil","item":"https:\/\/robotisames.com\/pro\/"},{"@type":"ListItem","position":2,"name":"Automates programmables","item":"https:\/\/robotisames.com\/pro\/automates-programmables"},{"@type":"ListItem","position":3,"name":"Controllino Maxi automation Power"}]},{"@type":"WebSite","@id":"https:\/\/robotisames.com\/pro\/#website","url":"https:\/\/robotisames.com\/pro\/","name":"Robotis\u00e2mes Pro","description":"Distributeur officiel Industrial Shields au Maroc","publisher":{"@id":"https:\/\/robotisames.com\/pro\/#organization"},"potentialAction":[{"@type":"SearchAction","target":{"@type":"EntryPoint","urlTemplate":"https:\/\/robotisames.com\/pro\/?s={search_term_string}"},"query-input":{"@type":"PropertyValueSpecification","valueRequired":true,"valueName":"search_term_string"}}],"inLanguage":"fr-FR"},{"@type":"Organization","@id":"https:\/\/robotisames.com\/pro\/#organization","name":"Robotis\u00e2mes Pro","url":"https:\/\/robotisames.com\/pro\/","logo":{"@type":"ImageObject","inLanguage":"fr-FR","@id":"https:\/\/robotisames.com\/pro\/#\/schema\/logo\/image\/","url":"https:\/\/robotisames.com\/pro\/wp-content\/uploads\/2023\/02\/logo-robotisames-pro.png","contentUrl":"https:\/\/robotisames.com\/pro\/wp-content\/uploads\/2023\/02\/logo-robotisames-pro.png","width":2172,"height":330,"caption":"Robotis\u00e2mes Pro"},"image":{"@id":"https:\/\/robotisames.com\/pro\/#\/schema\/logo\/image\/"}}]}},"_links":{"self":[{"href":"https:\/\/robotisames.com\/pro\/wp-json\/wp\/v2\/product\/40","targetHints":{"allow":["GET"]}}],"collection":[{"href":"https:\/\/robotisames.com\/pro\/wp-json\/wp\/v2\/product"}],"about":[{"href":"https:\/\/robotisames.com\/pro\/wp-json\/wp\/v2\/types\/product"}],"wp:featuredmedia":[{"embeddable":true,"href":"https:\/\/robotisames.com\/pro\/wp-json\/wp\/v2\/media\/42"}],"wp:attachment":[{"href":"https:\/\/robotisames.com\/pro\/wp-json\/wp\/v2\/media?parent=40"}],"wp:term":[{"taxonomy":"product_brand","embeddable":true,"href":"https:\/\/robotisames.com\/pro\/wp-json\/wp\/v2\/product_brand?post=40"},{"taxonomy":"product_cat","embeddable":true,"href":"https:\/\/robotisames.com\/pro\/wp-json\/wp\/v2\/product_cat?post=40"},{"taxonomy":"product_tag","embeddable":true,"href":"https:\/\/robotisames.com\/pro\/wp-json\/wp\/v2\/product_tag?post=40"}],"curies":[{"name":"wp","href":"https:\/\/api.w.org\/{rel}","templated":true}]}}