{"id":35,"date":"2023-02-22T18:06:25","date_gmt":"2023-02-22T17:06:25","guid":{"rendered":"https:\/\/robotisames.com\/pro\/?post_type=product&#038;p=35"},"modified":"2024-07-29T23:07:56","modified_gmt":"2024-07-29T21:07:56","slug":"controllino-maxi-power","status":"publish","type":"product","link":"https:\/\/robotisames.com\/pro\/produit\/controllino-maxi-power","title":{"rendered":"Controllino Maxi Power"},"content":{"rendered":"<p>Nous sommes fiers de vous pr\u00e9senter le CONTROLLINO MAXI Power, une variante am\u00e9lior\u00e9e de notre mod\u00e8le MAXI \u00e0 succ\u00e8s, qui est maintenant dot\u00e9e de 5 relais de 16 amp\u00e8res. Il maintient l&rsquo;\u00e9quilibre caract\u00e9ristique entre un design compact et une capacit\u00e9 substantielle d&rsquo;E\/S pour laquelle le MAXI est renomm\u00e9. Sa force principale r\u00e9side dans sa polyvalence adaptable, ajoutant de la valeur \u00e0 une large gamme d&rsquo;applications.<\/p>\n","protected":false},"excerpt":{"rendered":"<p>Nous sommes fiers de vous pr\u00e9senter le CONTROLLINO MAXI Power, une variante am\u00e9lior\u00e9e de notre mod\u00e8le MAXI \u00e0 succ\u00e8s, qui est maintenant dot\u00e9e de 5 relais de 16 amp\u00e8res. Il maintient l&rsquo;\u00e9quilibre caract\u00e9ristique entre un design compact et une capacit\u00e9 substantielle d&rsquo;E\/S pour laquelle le MAXI est renomm\u00e9. Sa force principale r\u00e9side dans sa polyvalence adaptable, ajoutant de la valeur \u00e0 une large gamme d&rsquo;applications.<\/p>\n","protected":false},"featured_media":37,"template":"","meta":{"site-sidebar-layout":"default","site-content-layout":"default","ast-site-content-layout":"","site-content-style":"default","site-sidebar-style":"default","ast-global-header-display":"","ast-banner-title-visibility":"","ast-main-header-display":"","ast-hfb-above-header-display":"","ast-hfb-below-header-display":"","ast-hfb-mobile-header-display":"","site-post-title":"","ast-breadcrumbs-content":"","ast-featured-img":"","footer-sml-layout":"","theme-transparent-header-meta":"default","adv-header-id-meta":"","stick-header-meta":"","header-above-stick-meta":"","header-main-stick-meta":"","header-below-stick-meta":"","astra-migrate-meta-layouts":"default","ast-page-background-enabled":"default","ast-page-background-meta":{"desktop":{"background-color":"var(--ast-global-color-4)","background-image":"","background-repeat":"repeat","background-position":"center center","background-size":"auto","background-attachment":"scroll","background-type":"","background-media":"","overlay-type":"","overlay-color":"","overlay-opacity":"","overlay-gradient":""},"tablet":{"background-color":"","background-image":"","background-repeat":"repeat","background-position":"center center","background-size":"auto","background-attachment":"scroll","background-type":"","background-media":"","overlay-type":"","overlay-color":"","overlay-opacity":"","overlay-gradient":""},"mobile":{"background-color":"","background-image":"","background-repeat":"repeat","background-position":"center center","background-size":"auto","background-attachment":"scroll","background-type":"","background-media":"","overlay-type":"","overlay-color":"","overlay-opacity":"","overlay-gradient":""}},"ast-content-background-meta":{"desktop":{"background-color":"var(--ast-global-color-5)","background-image":"","background-repeat":"repeat","background-position":"center center","background-size":"auto","background-attachment":"scroll","background-type":"","background-media":"","overlay-type":"","overlay-color":"","overlay-opacity":"","overlay-gradient":""},"tablet":{"background-color":"var(--ast-global-color-5)","background-image":"","background-repeat":"repeat","background-position":"center center","background-size":"auto","background-attachment":"scroll","background-type":"","background-media":"","overlay-type":"","overlay-color":"","overlay-opacity":"","overlay-gradient":""},"mobile":{"background-color":"var(--ast-global-color-5)","background-image":"","background-repeat":"repeat","background-position":"center center","background-size":"auto","background-attachment":"scroll","background-type":"","background-media":"","overlay-type":"","overlay-color":"","overlay-opacity":"","overlay-gradient":""}}},"product_brand":[],"product_cat":[19],"product_tag":[26],"class_list":{"0":"post-35","1":"product","2":"type-product","3":"status-publish","4":"has-post-thumbnail","6":"product_cat-controllino","7":"product_tag-controllino-maroc","8":"product_shipping_class-amana","9":"desktop-align-left","10":"tablet-align-left","11":"mobile-align-left","13":"first","14":"onbackorder","15":"taxable","16":"shipping-taxable","17":"purchasable","18":"product-type-simple"},"yoast_head":"<!-- This site is optimized with the Yoast SEO plugin v27.6 - https:\/\/yoast.com\/product\/yoast-seo-wordpress\/ -->\n<title>Controllino Maxi Power<\/title>\n<meta name=\"description\" content=\"Nous sommes fiers de vous pr\u00e9senter le CONTROLLINO MAXI Power, une variante am\u00e9lior\u00e9e de notre mod\u00e8le MAXI \u00e0 succ\u00e8s, qui est maintenant dot\u00e9e de 5 relais de 16 amp\u00e8res. Il maintient l&#039;\u00e9quilibre caract\u00e9ristique entre un design compact et une capacit\u00e9 substantielle d&#039;E\/S pour laquelle le MAXI est renomm\u00e9. Sa force principale r\u00e9side dans sa polyvalence adaptable, ajoutant de la valeur \u00e0 une large gamme d&#039;applications.\" \/>\n<meta name=\"robots\" content=\"index, follow, max-snippet:-1, max-image-preview:large, max-video-preview:-1\" \/>\n<link rel=\"canonical\" href=\"https:\/\/robotisames.com\/pro\/produit\/controllino-maxi-power\/\" \/>\n<meta property=\"og:locale\" content=\"fr_FR\" \/>\n<meta property=\"og:type\" content=\"article\" \/>\n<meta property=\"og:title\" content=\"Controllino Maxi Power\" \/>\n<meta property=\"og:description\" content=\"Nous sommes fiers de vous pr\u00e9senter le CONTROLLINO MAXI Power, une variante am\u00e9lior\u00e9e de notre mod\u00e8le MAXI \u00e0 succ\u00e8s, qui est maintenant dot\u00e9e de 5 relais de 16 amp\u00e8res. Il maintient l&#039;\u00e9quilibre caract\u00e9ristique entre un design compact et une capacit\u00e9 substantielle d&#039;E\/S pour laquelle le MAXI est renomm\u00e9. Sa force principale r\u00e9side dans sa polyvalence adaptable, ajoutant de la valeur \u00e0 une large gamme d&#039;applications.\" \/>\n<meta property=\"og:url\" content=\"https:\/\/robotisames.com\/pro\/produit\/controllino-maxi-power\/\" \/>\n<meta property=\"og:site_name\" content=\"Robotis\u00e2mes Pro\" \/>\n<meta property=\"article:modified_time\" content=\"2024-07-29T21:07:56+00:00\" \/>\n<meta property=\"og:image\" content=\"https:\/\/robotisames.com\/pro\/wp-content\/uploads\/2023\/02\/MAXI_Power_2.jpg\" \/>\n\t<meta property=\"og:image:width\" content=\"768\" \/>\n\t<meta property=\"og:image:height\" content=\"768\" \/>\n\t<meta property=\"og:image:type\" content=\"image\/jpeg\" \/>\n<meta name=\"twitter:card\" content=\"summary_large_image\" \/>\n<meta name=\"twitter:label1\" content=\"Dur\u00e9e de lecture estim\u00e9e\" \/>\n\t<meta name=\"twitter:data1\" content=\"1 minute\" \/>\n<script type=\"application\/ld+json\" class=\"yoast-schema-graph\">{\"@context\":\"https:\\\/\\\/schema.org\",\"@graph\":[{\"@type\":\"WebPage\",\"@id\":\"https:\\\/\\\/robotisames.com\\\/pro\\\/produit\\\/controllino-maxi-power\\\/\",\"url\":\"https:\\\/\\\/robotisames.com\\\/pro\\\/produit\\\/controllino-maxi-power\\\/\",\"name\":\"Controllino Maxi Power\",\"isPartOf\":{\"@id\":\"https:\\\/\\\/robotisames.com\\\/pro\\\/#website\"},\"primaryImageOfPage\":{\"@id\":\"https:\\\/\\\/robotisames.com\\\/pro\\\/produit\\\/controllino-maxi-power\\\/#primaryimage\"},\"image\":{\"@id\":\"https:\\\/\\\/robotisames.com\\\/pro\\\/produit\\\/controllino-maxi-power\\\/#primaryimage\"},\"thumbnailUrl\":\"https:\\\/\\\/robotisames.com\\\/pro\\\/wp-content\\\/uploads\\\/2023\\\/02\\\/MAXI_Power_2.jpg\",\"datePublished\":\"2023-02-22T17:06:25+00:00\",\"dateModified\":\"2024-07-29T21:07:56+00:00\",\"description\":\"Nous sommes fiers de vous pr\u00e9senter le CONTROLLINO MAXI Power, une variante am\u00e9lior\u00e9e de notre mod\u00e8le MAXI \u00e0 succ\u00e8s, qui est maintenant dot\u00e9e de 5 relais de 16 amp\u00e8res. Il maintient l'\u00e9quilibre caract\u00e9ristique entre un design compact et une capacit\u00e9 substantielle d'E\\\/S pour laquelle le MAXI est renomm\u00e9. Sa force principale r\u00e9side dans sa polyvalence adaptable, ajoutant de la valeur \u00e0 une large gamme d'applications.\",\"breadcrumb\":{\"@id\":\"https:\\\/\\\/robotisames.com\\\/pro\\\/produit\\\/controllino-maxi-power\\\/#breadcrumb\"},\"inLanguage\":\"fr-FR\",\"potentialAction\":[{\"@type\":\"ReadAction\",\"target\":[\"https:\\\/\\\/robotisames.com\\\/pro\\\/produit\\\/controllino-maxi-power\\\/\"]}]},{\"@type\":\"ImageObject\",\"inLanguage\":\"fr-FR\",\"@id\":\"https:\\\/\\\/robotisames.com\\\/pro\\\/produit\\\/controllino-maxi-power\\\/#primaryimage\",\"url\":\"https:\\\/\\\/robotisames.com\\\/pro\\\/wp-content\\\/uploads\\\/2023\\\/02\\\/MAXI_Power_2.jpg\",\"contentUrl\":\"https:\\\/\\\/robotisames.com\\\/pro\\\/wp-content\\\/uploads\\\/2023\\\/02\\\/MAXI_Power_2.jpg\",\"width\":768,\"height\":768},{\"@type\":\"BreadcrumbList\",\"@id\":\"https:\\\/\\\/robotisames.com\\\/pro\\\/produit\\\/controllino-maxi-power\\\/#breadcrumb\",\"itemListElement\":[{\"@type\":\"ListItem\",\"position\":1,\"name\":\"Accueil\",\"item\":\"https:\\\/\\\/robotisames.com\\\/pro\\\/\"},{\"@type\":\"ListItem\",\"position\":2,\"name\":\"Automates programmables\",\"item\":\"https:\\\/\\\/robotisames.com\\\/pro\\\/automates-programmables\"},{\"@type\":\"ListItem\",\"position\":3,\"name\":\"Controllino Maxi Power\"}]},{\"@type\":\"WebSite\",\"@id\":\"https:\\\/\\\/robotisames.com\\\/pro\\\/#website\",\"url\":\"https:\\\/\\\/robotisames.com\\\/pro\\\/\",\"name\":\"Robotis\u00e2mes Pro\",\"description\":\"Distributeur officiel Industrial Shields au Maroc\",\"publisher\":{\"@id\":\"https:\\\/\\\/robotisames.com\\\/pro\\\/#organization\"},\"potentialAction\":[{\"@type\":\"SearchAction\",\"target\":{\"@type\":\"EntryPoint\",\"urlTemplate\":\"https:\\\/\\\/robotisames.com\\\/pro\\\/?s={search_term_string}\"},\"query-input\":{\"@type\":\"PropertyValueSpecification\",\"valueRequired\":true,\"valueName\":\"search_term_string\"}}],\"inLanguage\":\"fr-FR\"},{\"@type\":\"Organization\",\"@id\":\"https:\\\/\\\/robotisames.com\\\/pro\\\/#organization\",\"name\":\"Robotis\u00e2mes Pro\",\"url\":\"https:\\\/\\\/robotisames.com\\\/pro\\\/\",\"logo\":{\"@type\":\"ImageObject\",\"inLanguage\":\"fr-FR\",\"@id\":\"https:\\\/\\\/robotisames.com\\\/pro\\\/#\\\/schema\\\/logo\\\/image\\\/\",\"url\":\"https:\\\/\\\/robotisames.com\\\/pro\\\/wp-content\\\/uploads\\\/2023\\\/02\\\/logo-robotisames-pro.png\",\"contentUrl\":\"https:\\\/\\\/robotisames.com\\\/pro\\\/wp-content\\\/uploads\\\/2023\\\/02\\\/logo-robotisames-pro.png\",\"width\":2172,\"height\":330,\"caption\":\"Robotis\u00e2mes Pro\"},\"image\":{\"@id\":\"https:\\\/\\\/robotisames.com\\\/pro\\\/#\\\/schema\\\/logo\\\/image\\\/\"}}]}<\/script>\n<!-- \/ Yoast SEO plugin. -->","yoast_head_json":{"title":"Controllino Maxi Power","description":"Nous sommes fiers de vous pr\u00e9senter le CONTROLLINO MAXI Power, une variante am\u00e9lior\u00e9e de notre mod\u00e8le MAXI \u00e0 succ\u00e8s, qui est maintenant dot\u00e9e de 5 relais de 16 amp\u00e8res. Il maintient l'\u00e9quilibre caract\u00e9ristique entre un design compact et une capacit\u00e9 substantielle d'E\/S pour laquelle le MAXI est renomm\u00e9. Sa force principale r\u00e9side dans sa polyvalence adaptable, ajoutant de la valeur \u00e0 une large gamme d'applications.","robots":{"index":"index","follow":"follow","max-snippet":"max-snippet:-1","max-image-preview":"max-image-preview:large","max-video-preview":"max-video-preview:-1"},"canonical":"https:\/\/robotisames.com\/pro\/produit\/controllino-maxi-power\/","og_locale":"fr_FR","og_type":"article","og_title":"Controllino Maxi Power","og_description":"Nous sommes fiers de vous pr\u00e9senter le CONTROLLINO MAXI Power, une variante am\u00e9lior\u00e9e de notre mod\u00e8le MAXI \u00e0 succ\u00e8s, qui est maintenant dot\u00e9e de 5 relais de 16 amp\u00e8res. Il maintient l'\u00e9quilibre caract\u00e9ristique entre un design compact et une capacit\u00e9 substantielle d'E\/S pour laquelle le MAXI est renomm\u00e9. Sa force principale r\u00e9side dans sa polyvalence adaptable, ajoutant de la valeur \u00e0 une large gamme d'applications.","og_url":"https:\/\/robotisames.com\/pro\/produit\/controllino-maxi-power\/","og_site_name":"Robotis\u00e2mes Pro","article_modified_time":"2024-07-29T21:07:56+00:00","og_image":[{"width":768,"height":768,"url":"https:\/\/robotisames.com\/pro\/wp-content\/uploads\/2023\/02\/MAXI_Power_2.jpg","type":"image\/jpeg"}],"twitter_card":"summary_large_image","twitter_misc":{"Dur\u00e9e de lecture estim\u00e9e":"1 minute"},"schema":{"@context":"https:\/\/schema.org","@graph":[{"@type":"WebPage","@id":"https:\/\/robotisames.com\/pro\/produit\/controllino-maxi-power\/","url":"https:\/\/robotisames.com\/pro\/produit\/controllino-maxi-power\/","name":"Controllino Maxi Power","isPartOf":{"@id":"https:\/\/robotisames.com\/pro\/#website"},"primaryImageOfPage":{"@id":"https:\/\/robotisames.com\/pro\/produit\/controllino-maxi-power\/#primaryimage"},"image":{"@id":"https:\/\/robotisames.com\/pro\/produit\/controllino-maxi-power\/#primaryimage"},"thumbnailUrl":"https:\/\/robotisames.com\/pro\/wp-content\/uploads\/2023\/02\/MAXI_Power_2.jpg","datePublished":"2023-02-22T17:06:25+00:00","dateModified":"2024-07-29T21:07:56+00:00","description":"Nous sommes fiers de vous pr\u00e9senter le CONTROLLINO MAXI Power, une variante am\u00e9lior\u00e9e de notre mod\u00e8le MAXI \u00e0 succ\u00e8s, qui est maintenant dot\u00e9e de 5 relais de 16 amp\u00e8res. Il maintient l'\u00e9quilibre caract\u00e9ristique entre un design compact et une capacit\u00e9 substantielle d'E\/S pour laquelle le MAXI est renomm\u00e9. Sa force principale r\u00e9side dans sa polyvalence adaptable, ajoutant de la valeur \u00e0 une large gamme d'applications.","breadcrumb":{"@id":"https:\/\/robotisames.com\/pro\/produit\/controllino-maxi-power\/#breadcrumb"},"inLanguage":"fr-FR","potentialAction":[{"@type":"ReadAction","target":["https:\/\/robotisames.com\/pro\/produit\/controllino-maxi-power\/"]}]},{"@type":"ImageObject","inLanguage":"fr-FR","@id":"https:\/\/robotisames.com\/pro\/produit\/controllino-maxi-power\/#primaryimage","url":"https:\/\/robotisames.com\/pro\/wp-content\/uploads\/2023\/02\/MAXI_Power_2.jpg","contentUrl":"https:\/\/robotisames.com\/pro\/wp-content\/uploads\/2023\/02\/MAXI_Power_2.jpg","width":768,"height":768},{"@type":"BreadcrumbList","@id":"https:\/\/robotisames.com\/pro\/produit\/controllino-maxi-power\/#breadcrumb","itemListElement":[{"@type":"ListItem","position":1,"name":"Accueil","item":"https:\/\/robotisames.com\/pro\/"},{"@type":"ListItem","position":2,"name":"Automates programmables","item":"https:\/\/robotisames.com\/pro\/automates-programmables"},{"@type":"ListItem","position":3,"name":"Controllino Maxi Power"}]},{"@type":"WebSite","@id":"https:\/\/robotisames.com\/pro\/#website","url":"https:\/\/robotisames.com\/pro\/","name":"Robotis\u00e2mes Pro","description":"Distributeur officiel Industrial Shields au Maroc","publisher":{"@id":"https:\/\/robotisames.com\/pro\/#organization"},"potentialAction":[{"@type":"SearchAction","target":{"@type":"EntryPoint","urlTemplate":"https:\/\/robotisames.com\/pro\/?s={search_term_string}"},"query-input":{"@type":"PropertyValueSpecification","valueRequired":true,"valueName":"search_term_string"}}],"inLanguage":"fr-FR"},{"@type":"Organization","@id":"https:\/\/robotisames.com\/pro\/#organization","name":"Robotis\u00e2mes Pro","url":"https:\/\/robotisames.com\/pro\/","logo":{"@type":"ImageObject","inLanguage":"fr-FR","@id":"https:\/\/robotisames.com\/pro\/#\/schema\/logo\/image\/","url":"https:\/\/robotisames.com\/pro\/wp-content\/uploads\/2023\/02\/logo-robotisames-pro.png","contentUrl":"https:\/\/robotisames.com\/pro\/wp-content\/uploads\/2023\/02\/logo-robotisames-pro.png","width":2172,"height":330,"caption":"Robotis\u00e2mes Pro"},"image":{"@id":"https:\/\/robotisames.com\/pro\/#\/schema\/logo\/image\/"}}]}},"_links":{"self":[{"href":"https:\/\/robotisames.com\/pro\/wp-json\/wp\/v2\/product\/35","targetHints":{"allow":["GET"]}}],"collection":[{"href":"https:\/\/robotisames.com\/pro\/wp-json\/wp\/v2\/product"}],"about":[{"href":"https:\/\/robotisames.com\/pro\/wp-json\/wp\/v2\/types\/product"}],"wp:featuredmedia":[{"embeddable":true,"href":"https:\/\/robotisames.com\/pro\/wp-json\/wp\/v2\/media\/37"}],"wp:attachment":[{"href":"https:\/\/robotisames.com\/pro\/wp-json\/wp\/v2\/media?parent=35"}],"wp:term":[{"taxonomy":"product_brand","embeddable":true,"href":"https:\/\/robotisames.com\/pro\/wp-json\/wp\/v2\/product_brand?post=35"},{"taxonomy":"product_cat","embeddable":true,"href":"https:\/\/robotisames.com\/pro\/wp-json\/wp\/v2\/product_cat?post=35"},{"taxonomy":"product_tag","embeddable":true,"href":"https:\/\/robotisames.com\/pro\/wp-json\/wp\/v2\/product_tag?post=35"}],"curies":[{"name":"wp","href":"https:\/\/api.w.org\/{rel}","templated":true}]}}