{"id":721,"date":"2023-09-28T14:08:43","date_gmt":"2023-09-28T12:08:43","guid":{"rendered":"https:\/\/robotisames.com\/pro\/?page_id=721"},"modified":"2023-09-28T14:21:38","modified_gmt":"2023-09-28T12:21:38","slug":"controllino-createurs-professionels","status":"publish","type":"page","link":"https:\/\/robotisames.com\/pro\/controllino-createurs-professionels","title":{"rendered":"Controllino con\u00e7u pour les cr\u00e9ateurs et les professionels"},"content":{"rendered":"\t\t<div data-elementor-type=\"wp-page\" data-elementor-id=\"721\" class=\"elementor elementor-721\">\n\t\t\t\t\t\t<section class=\"elementor-section elementor-top-section elementor-element elementor-element-e7a27fb elementor-section-boxed elementor-section-height-default elementor-section-height-default wpr-particle-no wpr-jarallax-no wpr-parallax-no wpr-sticky-section-no wpr-equal-height-no\" data-id=\"e7a27fb\" data-element_type=\"section\" data-e-type=\"section\">\n\t\t\t\t\t\t<div class=\"elementor-container elementor-column-gap-default\">\n\t\t\t\t\t<div class=\"elementor-column elementor-col-100 elementor-top-column elementor-element elementor-element-9428252\" data-id=\"9428252\" data-element_type=\"column\" data-e-type=\"column\">\n\t\t\t<div class=\"elementor-widget-wrap elementor-element-populated\">\n\t\t\t\t\t\t<div class=\"elementor-element elementor-element-4c4f0b8 elementor-widget elementor-widget-heading\" data-id=\"4c4f0b8\" data-element_type=\"widget\" data-e-type=\"widget\" data-widget_type=\"heading.default\">\n\t\t\t\t<div class=\"elementor-widget-container\">\n\t\t\t\t\t<h2 class=\"elementor-heading-title elementor-size-default\">Con\u00e7u pour les cr\u00e9ateurs et les professionels<\/h2>\t\t\t\t<\/div>\n\t\t\t\t<\/div>\n\t\t\t\t\t<\/div>\n\t\t<\/div>\n\t\t\t\t\t<\/div>\n\t\t<\/section>\n\t\t\t\t<section class=\"elementor-section elementor-top-section elementor-element elementor-element-e6ca869 elementor-section-boxed elementor-section-height-default elementor-section-height-default wpr-particle-no wpr-jarallax-no wpr-parallax-no wpr-sticky-section-no wpr-equal-height-no\" data-id=\"e6ca869\" data-element_type=\"section\" data-e-type=\"section\">\n\t\t\t\t\t\t<div class=\"elementor-container elementor-column-gap-default\">\n\t\t\t\t\t<div class=\"elementor-column elementor-col-33 elementor-top-column elementor-element elementor-element-4bc9449\" data-id=\"4bc9449\" data-element_type=\"column\" data-e-type=\"column\">\n\t\t\t<div class=\"elementor-widget-wrap elementor-element-populated\">\n\t\t\t\t\t\t<div class=\"elementor-element elementor-element-fa342aa elementor-widget__width-initial elementor-widget elementor-widget-image\" data-id=\"fa342aa\" data-element_type=\"widget\" data-e-type=\"widget\" data-widget_type=\"image.default\">\n\t\t\t\t<div class=\"elementor-widget-container\">\n\t\t\t\t\t\t\t\t\t\t\t\t\t\t\t<img fetchpriority=\"high\" decoding=\"async\" width=\"969\" height=\"959\" src=\"https:\/\/robotisames.com\/pro\/wp-content\/uploads\/2023\/09\/controllino-maxi-animated.webp\" class=\"attachment-large size-large wp-image-630\" alt=\"\" srcset=\"https:\/\/robotisames.com\/pro\/wp-content\/uploads\/2023\/09\/controllino-maxi-animated.webp 969w, https:\/\/robotisames.com\/pro\/wp-content\/uploads\/2023\/09\/controllino-maxi-animated-300x297.webp 300w, https:\/\/robotisames.com\/pro\/wp-content\/uploads\/2023\/09\/controllino-maxi-animated-768x760.webp 768w, https:\/\/robotisames.com\/pro\/wp-content\/uploads\/2023\/09\/controllino-maxi-animated-600x594.webp 600w, https:\/\/robotisames.com\/pro\/wp-content\/uploads\/2023\/09\/controllino-maxi-animated-100x100.webp 100w\" sizes=\"(max-width: 969px) 100vw, 969px\" \/>\t\t\t\t\t\t\t\t\t\t\t\t\t\t\t<\/div>\n\t\t\t\t<\/div>\n\t\t\t\t\t<\/div>\n\t\t<\/div>\n\t\t\t\t<div class=\"elementor-column elementor-col-33 elementor-top-column elementor-element elementor-element-b967588 elementor-invisible\" data-id=\"b967588\" data-element_type=\"column\" data-e-type=\"column\" data-settings=\"{&quot;background_background&quot;:&quot;classic&quot;,&quot;animation&quot;:&quot;fadeInUp&quot;}\">\n\t\t\t<div class=\"elementor-widget-wrap elementor-element-populated\">\n\t\t\t\t\t\t<div class=\"elementor-element elementor-element-a7e7ca4 elementor-widget elementor-widget-image\" data-id=\"a7e7ca4\" data-element_type=\"widget\" data-e-type=\"widget\" data-widget_type=\"image.default\">\n\t\t\t\t<div class=\"elementor-widget-container\">\n\t\t\t\t\t\t\t\t\t\t\t\t\t\t\t<img decoding=\"async\" src=\"https:\/\/robotisames.com\/pro\/wp-content\/uploads\/2023\/09\/5cb43620-274c-4aa0-9eeb-e6f7e9a76a8f-e1695903525239.jpeg\" title=\"5cb43620-274c-4aa0-9eeb-e6f7e9a76a8f\" alt=\"5cb43620-274c-4aa0-9eeb-e6f7e9a76a8f\" loading=\"lazy\" \/>\t\t\t\t\t\t\t\t\t\t\t\t\t\t\t<\/div>\n\t\t\t\t<\/div>\n\t\t\t\t<div class=\"elementor-element elementor-element-e2dfaa9 elementor-widget elementor-widget-text-editor\" data-id=\"e2dfaa9\" data-element_type=\"widget\" data-e-type=\"widget\" data-widget_type=\"text-editor.default\">\n\t\t\t\t<div class=\"elementor-widget-container\">\n\t\t\t\t\t\t\t\t\t<p>Un automate CONTROLLINO est la solution id\u00e9ale pour toutes les \u00e9tapes de votre pipeline d&rsquo;automatisation industrielle, offrant une polyvalence et une robustesse in\u00e9gal\u00e9es depuis la phase de prototype initiale jusqu&rsquo;\u00e0 la production \u00e0 grande \u00e9chelle.<\/p>\t\t\t\t\t\t\t\t<\/div>\n\t\t\t\t<\/div>\n\t\t\t\t\t<\/div>\n\t\t<\/div>\n\t\t\t\t<div class=\"elementor-column elementor-col-33 elementor-top-column elementor-element elementor-element-95a28be animated-slow elementor-invisible\" data-id=\"95a28be\" data-element_type=\"column\" data-e-type=\"column\" data-settings=\"{&quot;background_background&quot;:&quot;classic&quot;,&quot;animation&quot;:&quot;fadeInUp&quot;}\">\n\t\t\t<div class=\"elementor-widget-wrap elementor-element-populated\">\n\t\t\t\t\t\t<div class=\"elementor-element elementor-element-39b3eb8 elementor-widget elementor-widget-image\" data-id=\"39b3eb8\" data-element_type=\"widget\" data-e-type=\"widget\" data-widget_type=\"image.default\">\n\t\t\t\t<div class=\"elementor-widget-container\">\n\t\t\t\t\t\t\t\t\t\t\t\t\t\t\t<img decoding=\"async\" src=\"https:\/\/robotisames.com\/pro\/wp-content\/uploads\/2023\/09\/factory.png\" title=\"factory\" alt=\"factory\" loading=\"lazy\" \/>\t\t\t\t\t\t\t\t\t\t\t\t\t\t\t<\/div>\n\t\t\t\t<\/div>\n\t\t\t\t<div class=\"elementor-element elementor-element-e55bae9 elementor-widget elementor-widget-text-editor\" data-id=\"e55bae9\" data-element_type=\"widget\" data-e-type=\"widget\" data-widget_type=\"text-editor.default\">\n\t\t\t\t<div class=\"elementor-widget-container\">\n\t\t\t\t\t\t\t\t\t<p>Notre API r\u00e9volutionnaire vous donne le pouvoir de repousser les limites du possible. Avec une vaste gamme d\u2019entr\u00e9es et de sorties, vous pouvez amener vos projets vers de nouveaux sommets et une nouvelle complexit\u00e9.<\/p>\t\t\t\t\t\t\t\t<\/div>\n\t\t\t\t<\/div>\n\t\t\t\t\t<\/div>\n\t\t<\/div>\n\t\t\t\t\t<\/div>\n\t\t<\/section>\n\t\t\t\t<section class=\"elementor-section elementor-top-section elementor-element elementor-element-1ba13d5 elementor-section-content-middle elementor-section-boxed elementor-section-height-default elementor-section-height-default wpr-particle-no wpr-jarallax-no wpr-parallax-no wpr-sticky-section-no wpr-equal-height-no\" data-id=\"1ba13d5\" data-element_type=\"section\" data-e-type=\"section\">\n\t\t\t\t\t\t<div class=\"elementor-container elementor-column-gap-default\">\n\t\t\t\t\t<div class=\"elementor-column elementor-col-50 elementor-top-column elementor-element elementor-element-3f67de5\" data-id=\"3f67de5\" data-element_type=\"column\" data-e-type=\"column\">\n\t\t\t<div class=\"elementor-widget-wrap elementor-element-populated\">\n\t\t\t\t\t\t<div class=\"elementor-element elementor-element-04cb175 elementor-widget elementor-widget-image\" data-id=\"04cb175\" data-element_type=\"widget\" data-e-type=\"widget\" data-widget_type=\"image.default\">\n\t\t\t\t<div class=\"elementor-widget-container\">\n\t\t\t\t\t\t\t\t\t\t\t\t\t\t\t<img decoding=\"async\" width=\"300\" height=\"91\" src=\"https:\/\/robotisames.com\/pro\/wp-content\/uploads\/2023\/09\/Logo_2023_Light-300x91.png\" class=\"attachment-medium size-medium wp-image-632\" alt=\"\" srcset=\"https:\/\/robotisames.com\/pro\/wp-content\/uploads\/2023\/09\/Logo_2023_Light-300x91.png 300w, https:\/\/robotisames.com\/pro\/wp-content\/uploads\/2023\/09\/Logo_2023_Light.png 493w\" sizes=\"(max-width: 300px) 100vw, 300px\" \/>\t\t\t\t\t\t\t\t\t\t\t\t\t\t\t<\/div>\n\t\t\t\t<\/div>\n\t\t\t\t\t<\/div>\n\t\t<\/div>\n\t\t\t\t<div class=\"elementor-column elementor-col-50 elementor-top-column elementor-element elementor-element-21778c1\" data-id=\"21778c1\" data-element_type=\"column\" data-e-type=\"column\">\n\t\t\t<div class=\"elementor-widget-wrap elementor-element-populated\">\n\t\t\t\t\t\t<div class=\"elementor-element elementor-element-42850e1 elementor-align-center elementor-invisible elementor-widget elementor-widget-button\" data-id=\"42850e1\" data-element_type=\"widget\" data-e-type=\"widget\" data-settings=\"{&quot;_animation&quot;:&quot;fadeInUp&quot;}\" data-widget_type=\"button.default\">\n\t\t\t\t<div class=\"elementor-widget-container\">\n\t\t\t\t\t\t\t\t\t<div class=\"elementor-button-wrapper\">\n\t\t\t\t\t<a class=\"elementor-button elementor-button-link elementor-size-lg\" href=\"https:\/\/robotisames.com\/pro\/automates-programmables\">\n\t\t\t\t\t\t<span class=\"elementor-button-content-wrapper\">\n\t\t\t\t\t\t\t\t\t<span class=\"elementor-button-text\">Visitez notre boutique en ligne<\/span>\n\t\t\t\t\t<\/span>\n\t\t\t\t\t<\/a>\n\t\t\t\t<\/div>\n\t\t\t\t\t\t\t\t<\/div>\n\t\t\t\t<\/div>\n\t\t\t\t\t<\/div>\n\t\t<\/div>\n\t\t\t\t\t<\/div>\n\t\t<\/section>\n\t\t\t\t<\/div>\n\t\t","protected":false},"excerpt":{"rendered":"<p>Con\u00e7u pour les cr\u00e9ateurs et les professionels Un automate CONTROLLINO est la solution id\u00e9ale pour toutes les \u00e9tapes de votre pipeline d&rsquo;automatisation industrielle, offrant une polyvalence et une robustesse in\u00e9gal\u00e9es depuis la phase de prototype initiale jusqu&rsquo;\u00e0 la production \u00e0 grande \u00e9chelle. Notre API r\u00e9volutionnaire vous donne le pouvoir de repousser les limites du possible. Avec une vaste gamme d\u2019entr\u00e9es et de sorties, vous pouvez amener vos projets vers de nouveaux sommets et une nouvelle complexit\u00e9. Visitez notre boutique en ligne<\/p>\n","protected":false},"author":1,"featured_media":0,"parent":0,"menu_order":0,"comment_status":"closed","ping_status":"closed","template":"","meta":{"site-sidebar-layout":"no-sidebar","site-content-layout":"page-builder","ast-site-content-layout":"full-width-container","site-content-style":"default","site-sidebar-style":"default","ast-global-header-display":"","ast-banner-title-visibility":"","ast-main-header-display":"","ast-hfb-above-header-display":"","ast-hfb-below-header-display":"","ast-hfb-mobile-header-display":"","site-post-title":"disabled","ast-breadcrumbs-content":"","ast-featured-img":"disabled","footer-sml-layout":"","theme-transparent-header-meta":"","adv-header-id-meta":"","stick-header-meta":"","header-above-stick-meta":"","header-main-stick-meta":"","header-below-stick-meta":"","astra-migrate-meta-layouts":"set","ast-page-background-enabled":"default","ast-page-background-meta":{"desktop":{"background-color":"var(--ast-global-color-4)","background-image":"","background-repeat":"repeat","background-position":"center center","background-size":"auto","background-attachment":"scroll","background-type":"","background-media":"","overlay-type":"","overlay-color":"","overlay-opacity":"","overlay-gradient":""},"tablet":{"background-color":"","background-image":"","background-repeat":"repeat","background-position":"center center","background-size":"auto","background-attachment":"scroll","background-type":"","background-media":"","overlay-type":"","overlay-color":"","overlay-opacity":"","overlay-gradient":""},"mobile":{"background-color":"","background-image":"","background-repeat":"repeat","background-position":"center center","background-size":"auto","background-attachment":"scroll","background-type":"","background-media":"","overlay-type":"","overlay-color":"","overlay-opacity":"","overlay-gradient":""}},"ast-content-background-meta":{"desktop":{"background-color":"var(--ast-global-color-5)","background-image":"","background-repeat":"repeat","background-position":"center center","background-size":"auto","background-attachment":"scroll","background-type":"","background-media":"","overlay-type":"","overlay-color":"","overlay-opacity":"","overlay-gradient":""},"tablet":{"background-color":"var(--ast-global-color-5)","background-image":"","background-repeat":"repeat","background-position":"center center","background-size":"auto","background-attachment":"scroll","background-type":"","background-media":"","overlay-type":"","overlay-color":"","overlay-opacity":"","overlay-gradient":""},"mobile":{"background-color":"var(--ast-global-color-5)","background-image":"","background-repeat":"repeat","background-position":"center center","background-size":"auto","background-attachment":"scroll","background-type":"","background-media":"","overlay-type":"","overlay-color":"","overlay-opacity":"","overlay-gradient":""}},"footnotes":""},"class_list":["post-721","page","type-page","status-publish","hentry"],"yoast_head":"<!-- This site is optimized with the Yoast SEO plugin v27.4 - https:\/\/yoast.com\/product\/yoast-seo-wordpress\/ -->\n<title>Controllino con\u00e7u pour les cr\u00e9ateurs et les professionels - Robotis\u00e2mes Pro<\/title>\n<meta name=\"robots\" content=\"index, follow, max-snippet:-1, max-image-preview:large, max-video-preview:-1\" \/>\n<link rel=\"canonical\" href=\"https:\/\/robotisames.com\/pro\/controllino-createurs-professionels\" \/>\n<meta property=\"og:locale\" content=\"fr_FR\" \/>\n<meta property=\"og:type\" content=\"article\" \/>\n<meta property=\"og:title\" content=\"Controllino con\u00e7u pour les cr\u00e9ateurs et les professionels - Robotis\u00e2mes Pro\" \/>\n<meta property=\"og:description\" content=\"Con\u00e7u pour les cr\u00e9ateurs et les professionels Un automate CONTROLLINO est la solution id\u00e9ale pour toutes les \u00e9tapes de votre pipeline d&rsquo;automatisation industrielle, offrant une polyvalence et une robustesse in\u00e9gal\u00e9es depuis la phase de prototype initiale jusqu&rsquo;\u00e0 la production \u00e0 grande \u00e9chelle. Notre API r\u00e9volutionnaire vous donne le pouvoir de repousser les limites du possible. Avec une vaste gamme d\u2019entr\u00e9es et de sorties, vous pouvez amener vos projets vers de nouveaux sommets et une nouvelle complexit\u00e9. Visitez notre boutique en ligne\" \/>\n<meta property=\"og:url\" content=\"https:\/\/robotisames.com\/pro\/controllino-createurs-professionels\" \/>\n<meta property=\"og:site_name\" content=\"Robotis\u00e2mes Pro\" \/>\n<meta property=\"article:modified_time\" content=\"2023-09-28T12:21:38+00:00\" \/>\n<meta property=\"og:image\" content=\"https:\/\/robotisames.com\/pro\/wp-content\/uploads\/2023\/09\/controllino-maxi-animated.webp\" \/>\n<meta name=\"twitter:card\" content=\"summary_large_image\" \/>\n<meta name=\"twitter:label1\" content=\"Dur\u00e9e de lecture estim\u00e9e\" \/>\n\t<meta name=\"twitter:data1\" content=\"2 minutes\" \/>\n<script type=\"application\/ld+json\" class=\"yoast-schema-graph\">{\"@context\":\"https:\\\/\\\/schema.org\",\"@graph\":[{\"@type\":\"WebPage\",\"@id\":\"https:\\\/\\\/robotisames.com\\\/pro\\\/controllino-createurs-professionels\",\"url\":\"https:\\\/\\\/robotisames.com\\\/pro\\\/controllino-createurs-professionels\",\"name\":\"Controllino con\u00e7u pour les cr\u00e9ateurs et les professionels - Robotis\u00e2mes Pro\",\"isPartOf\":{\"@id\":\"https:\\\/\\\/robotisames.com\\\/pro\\\/#website\"},\"primaryImageOfPage\":{\"@id\":\"https:\\\/\\\/robotisames.com\\\/pro\\\/controllino-createurs-professionels#primaryimage\"},\"image\":{\"@id\":\"https:\\\/\\\/robotisames.com\\\/pro\\\/controllino-createurs-professionels#primaryimage\"},\"thumbnailUrl\":\"https:\\\/\\\/robotisames.com\\\/pro\\\/wp-content\\\/uploads\\\/2023\\\/09\\\/controllino-maxi-animated.webp\",\"datePublished\":\"2023-09-28T12:08:43+00:00\",\"dateModified\":\"2023-09-28T12:21:38+00:00\",\"breadcrumb\":{\"@id\":\"https:\\\/\\\/robotisames.com\\\/pro\\\/controllino-createurs-professionels#breadcrumb\"},\"inLanguage\":\"fr-FR\",\"potentialAction\":[{\"@type\":\"ReadAction\",\"target\":[\"https:\\\/\\\/robotisames.com\\\/pro\\\/controllino-createurs-professionels\"]}]},{\"@type\":\"ImageObject\",\"inLanguage\":\"fr-FR\",\"@id\":\"https:\\\/\\\/robotisames.com\\\/pro\\\/controllino-createurs-professionels#primaryimage\",\"url\":\"https:\\\/\\\/robotisames.com\\\/pro\\\/wp-content\\\/uploads\\\/2023\\\/09\\\/controllino-maxi-animated.webp\",\"contentUrl\":\"https:\\\/\\\/robotisames.com\\\/pro\\\/wp-content\\\/uploads\\\/2023\\\/09\\\/controllino-maxi-animated.webp\",\"width\":969,\"height\":959},{\"@type\":\"BreadcrumbList\",\"@id\":\"https:\\\/\\\/robotisames.com\\\/pro\\\/controllino-createurs-professionels#breadcrumb\",\"itemListElement\":[{\"@type\":\"ListItem\",\"position\":1,\"name\":\"Accueil\",\"item\":\"https:\\\/\\\/robotisames.com\\\/pro\\\/\"},{\"@type\":\"ListItem\",\"position\":2,\"name\":\"Controllino con\u00e7u pour les cr\u00e9ateurs et les professionels\"}]},{\"@type\":\"WebSite\",\"@id\":\"https:\\\/\\\/robotisames.com\\\/pro\\\/#website\",\"url\":\"https:\\\/\\\/robotisames.com\\\/pro\\\/\",\"name\":\"Robotis\u00e2mes Pro\",\"description\":\"Distributeur officiel Industrial Shields au Maroc\",\"publisher\":{\"@id\":\"https:\\\/\\\/robotisames.com\\\/pro\\\/#organization\"},\"potentialAction\":[{\"@type\":\"SearchAction\",\"target\":{\"@type\":\"EntryPoint\",\"urlTemplate\":\"https:\\\/\\\/robotisames.com\\\/pro\\\/?s={search_term_string}\"},\"query-input\":{\"@type\":\"PropertyValueSpecification\",\"valueRequired\":true,\"valueName\":\"search_term_string\"}}],\"inLanguage\":\"fr-FR\"},{\"@type\":\"Organization\",\"@id\":\"https:\\\/\\\/robotisames.com\\\/pro\\\/#organization\",\"name\":\"Robotis\u00e2mes Pro\",\"url\":\"https:\\\/\\\/robotisames.com\\\/pro\\\/\",\"logo\":{\"@type\":\"ImageObject\",\"inLanguage\":\"fr-FR\",\"@id\":\"https:\\\/\\\/robotisames.com\\\/pro\\\/#\\\/schema\\\/logo\\\/image\\\/\",\"url\":\"https:\\\/\\\/robotisames.com\\\/pro\\\/wp-content\\\/uploads\\\/2023\\\/02\\\/logo-robotisames-pro.png\",\"contentUrl\":\"https:\\\/\\\/robotisames.com\\\/pro\\\/wp-content\\\/uploads\\\/2023\\\/02\\\/logo-robotisames-pro.png\",\"width\":2172,\"height\":330,\"caption\":\"Robotis\u00e2mes Pro\"},\"image\":{\"@id\":\"https:\\\/\\\/robotisames.com\\\/pro\\\/#\\\/schema\\\/logo\\\/image\\\/\"}}]}<\/script>\n<!-- \/ Yoast SEO plugin. -->","yoast_head_json":{"title":"Controllino con\u00e7u pour les cr\u00e9ateurs et les professionels - Robotis\u00e2mes Pro","robots":{"index":"index","follow":"follow","max-snippet":"max-snippet:-1","max-image-preview":"max-image-preview:large","max-video-preview":"max-video-preview:-1"},"canonical":"https:\/\/robotisames.com\/pro\/controllino-createurs-professionels","og_locale":"fr_FR","og_type":"article","og_title":"Controllino con\u00e7u pour les cr\u00e9ateurs et les professionels - Robotis\u00e2mes Pro","og_description":"Con\u00e7u pour les cr\u00e9ateurs et les professionels Un automate CONTROLLINO est la solution id\u00e9ale pour toutes les \u00e9tapes de votre pipeline d&rsquo;automatisation industrielle, offrant une polyvalence et une robustesse in\u00e9gal\u00e9es depuis la phase de prototype initiale jusqu&rsquo;\u00e0 la production \u00e0 grande \u00e9chelle. Notre API r\u00e9volutionnaire vous donne le pouvoir de repousser les limites du possible. Avec une vaste gamme d\u2019entr\u00e9es et de sorties, vous pouvez amener vos projets vers de nouveaux sommets et une nouvelle complexit\u00e9. Visitez notre boutique en ligne","og_url":"https:\/\/robotisames.com\/pro\/controllino-createurs-professionels","og_site_name":"Robotis\u00e2mes Pro","article_modified_time":"2023-09-28T12:21:38+00:00","og_image":[{"url":"https:\/\/robotisames.com\/pro\/wp-content\/uploads\/2023\/09\/controllino-maxi-animated.webp","type":"","width":"","height":""}],"twitter_card":"summary_large_image","twitter_misc":{"Dur\u00e9e de lecture estim\u00e9e":"2 minutes"},"schema":{"@context":"https:\/\/schema.org","@graph":[{"@type":"WebPage","@id":"https:\/\/robotisames.com\/pro\/controllino-createurs-professionels","url":"https:\/\/robotisames.com\/pro\/controllino-createurs-professionels","name":"Controllino con\u00e7u pour les cr\u00e9ateurs et les professionels - Robotis\u00e2mes Pro","isPartOf":{"@id":"https:\/\/robotisames.com\/pro\/#website"},"primaryImageOfPage":{"@id":"https:\/\/robotisames.com\/pro\/controllino-createurs-professionels#primaryimage"},"image":{"@id":"https:\/\/robotisames.com\/pro\/controllino-createurs-professionels#primaryimage"},"thumbnailUrl":"https:\/\/robotisames.com\/pro\/wp-content\/uploads\/2023\/09\/controllino-maxi-animated.webp","datePublished":"2023-09-28T12:08:43+00:00","dateModified":"2023-09-28T12:21:38+00:00","breadcrumb":{"@id":"https:\/\/robotisames.com\/pro\/controllino-createurs-professionels#breadcrumb"},"inLanguage":"fr-FR","potentialAction":[{"@type":"ReadAction","target":["https:\/\/robotisames.com\/pro\/controllino-createurs-professionels"]}]},{"@type":"ImageObject","inLanguage":"fr-FR","@id":"https:\/\/robotisames.com\/pro\/controllino-createurs-professionels#primaryimage","url":"https:\/\/robotisames.com\/pro\/wp-content\/uploads\/2023\/09\/controllino-maxi-animated.webp","contentUrl":"https:\/\/robotisames.com\/pro\/wp-content\/uploads\/2023\/09\/controllino-maxi-animated.webp","width":969,"height":959},{"@type":"BreadcrumbList","@id":"https:\/\/robotisames.com\/pro\/controllino-createurs-professionels#breadcrumb","itemListElement":[{"@type":"ListItem","position":1,"name":"Accueil","item":"https:\/\/robotisames.com\/pro\/"},{"@type":"ListItem","position":2,"name":"Controllino con\u00e7u pour les cr\u00e9ateurs et les professionels"}]},{"@type":"WebSite","@id":"https:\/\/robotisames.com\/pro\/#website","url":"https:\/\/robotisames.com\/pro\/","name":"Robotis\u00e2mes Pro","description":"Distributeur officiel Industrial Shields au Maroc","publisher":{"@id":"https:\/\/robotisames.com\/pro\/#organization"},"potentialAction":[{"@type":"SearchAction","target":{"@type":"EntryPoint","urlTemplate":"https:\/\/robotisames.com\/pro\/?s={search_term_string}"},"query-input":{"@type":"PropertyValueSpecification","valueRequired":true,"valueName":"search_term_string"}}],"inLanguage":"fr-FR"},{"@type":"Organization","@id":"https:\/\/robotisames.com\/pro\/#organization","name":"Robotis\u00e2mes Pro","url":"https:\/\/robotisames.com\/pro\/","logo":{"@type":"ImageObject","inLanguage":"fr-FR","@id":"https:\/\/robotisames.com\/pro\/#\/schema\/logo\/image\/","url":"https:\/\/robotisames.com\/pro\/wp-content\/uploads\/2023\/02\/logo-robotisames-pro.png","contentUrl":"https:\/\/robotisames.com\/pro\/wp-content\/uploads\/2023\/02\/logo-robotisames-pro.png","width":2172,"height":330,"caption":"Robotis\u00e2mes Pro"},"image":{"@id":"https:\/\/robotisames.com\/pro\/#\/schema\/logo\/image\/"}}]}},"_links":{"self":[{"href":"https:\/\/robotisames.com\/pro\/wp-json\/wp\/v2\/pages\/721","targetHints":{"allow":["GET"]}}],"collection":[{"href":"https:\/\/robotisames.com\/pro\/wp-json\/wp\/v2\/pages"}],"about":[{"href":"https:\/\/robotisames.com\/pro\/wp-json\/wp\/v2\/types\/page"}],"author":[{"embeddable":true,"href":"https:\/\/robotisames.com\/pro\/wp-json\/wp\/v2\/users\/1"}],"replies":[{"embeddable":true,"href":"https:\/\/robotisames.com\/pro\/wp-json\/wp\/v2\/comments?post=721"}],"version-history":[{"count":47,"href":"https:\/\/robotisames.com\/pro\/wp-json\/wp\/v2\/pages\/721\/revisions"}],"predecessor-version":[{"id":770,"href":"https:\/\/robotisames.com\/pro\/wp-json\/wp\/v2\/pages\/721\/revisions\/770"}],"wp:attachment":[{"href":"https:\/\/robotisames.com\/pro\/wp-json\/wp\/v2\/media?parent=721"}],"curies":[{"name":"wp","href":"https:\/\/api.w.org\/{rel}","templated":true}]}}