{"id":474,"date":"2023-09-21T15:12:34","date_gmt":"2023-09-21T13:12:34","guid":{"rendered":"https:\/\/robotisames.com\/pro\/?page_id=474"},"modified":"2023-09-21T15:39:49","modified_gmt":"2023-09-21T13:39:49","slug":"a-propos-robotisames-pro","status":"publish","type":"page","link":"https:\/\/robotisames.com\/pro\/a-propos-robotisames-pro","title":{"rendered":"A propos de Robotis\u00e2mes Pro\u200b"},"content":{"rendered":"\t\t<div data-elementor-type=\"wp-page\" data-elementor-id=\"474\" class=\"elementor elementor-474\">\n\t\t\t\t\t\t<section class=\"elementor-section elementor-top-section elementor-element elementor-element-c7b0e3f elementor-section-boxed elementor-section-height-default elementor-section-height-default wpr-particle-no wpr-jarallax-no wpr-parallax-no wpr-sticky-section-no wpr-equal-height-no\" data-id=\"c7b0e3f\" data-element_type=\"section\" data-e-type=\"section\">\n\t\t\t\t\t\t<div class=\"elementor-container elementor-column-gap-default\">\n\t\t\t\t\t<div class=\"elementor-column elementor-col-100 elementor-top-column elementor-element elementor-element-a68cc52\" data-id=\"a68cc52\" data-element_type=\"column\" data-e-type=\"column\">\n\t\t\t<div class=\"elementor-widget-wrap elementor-element-populated\">\n\t\t\t\t\t\t<div class=\"elementor-element elementor-element-60b24cf elementor-widget elementor-widget-heading\" data-id=\"60b24cf\" data-element_type=\"widget\" data-e-type=\"widget\" data-widget_type=\"heading.default\">\n\t\t\t\t<div class=\"elementor-widget-container\">\n\t\t\t\t\t<h2 class=\"elementor-heading-title elementor-size-default\">A propos de Robotis\u00e2mes Pro<\/h2>\t\t\t\t<\/div>\n\t\t\t\t<\/div>\n\t\t\t\t\t<\/div>\n\t\t<\/div>\n\t\t\t\t\t<\/div>\n\t\t<\/section>\n\t\t\t\t<section class=\"elementor-section elementor-top-section elementor-element elementor-element-bb72dcb elementor-section-boxed elementor-section-height-default elementor-section-height-default wpr-particle-no wpr-jarallax-no wpr-parallax-no wpr-sticky-section-no wpr-equal-height-no\" data-id=\"bb72dcb\" data-element_type=\"section\" data-e-type=\"section\">\n\t\t\t\t\t\t<div class=\"elementor-container elementor-column-gap-default\">\n\t\t\t\t\t<div class=\"elementor-column elementor-col-100 elementor-top-column elementor-element elementor-element-11cb8fc\" data-id=\"11cb8fc\" data-element_type=\"column\" data-e-type=\"column\">\n\t\t\t<div class=\"elementor-widget-wrap elementor-element-populated\">\n\t\t\t\t\t\t<div class=\"elementor-element elementor-element-f75dad0 elementor-widget elementor-widget-text-editor\" data-id=\"f75dad0\" data-element_type=\"widget\" data-e-type=\"widget\" data-widget_type=\"text-editor.default\">\n\t\t\t\t<div class=\"elementor-widget-container\">\n\t\t\t\t\t\t\t\t\t<p>Les syst\u00e8mes embarqu\u00e9s Open Source pour l\u2019\u00e9ducation et le prototypage ont une continuit\u00e9 dans l\u2019industrie par le biais des Open PLC\u00a0 Programmable Logic Controller) ou bien en fran\u00e7ais les API (Automates programmables industriels) qui peuvent \u00eatre Open source.\u00a0<\/p><p>Notre choix d\u2019exp\u00e9rimenter et promouvoir Controllino, comme \u00e9tant l\u2019un des meilleurs Open PLC qui existent sur tout le globe, nous offre l\u2019opportunit\u00e9 d\u2019\u00e9voluer du programme Robotis\u00e2mes vers Robotis\u00e2mes professionnel.<\/p><p><span style=\"font-style: inherit; font-weight: inherit; color: var( --e-global-color-text ); font-family: var( --e-global-typography-text-font-family ), Sans-serif;\">Les lyc\u00e9es techniques dans les diff\u00e9rentes branches, Les instituts de la formation professionnelle marocains, les\u00a0<\/span><span style=\"font-style: inherit; font-weight: inherit; color: var( --e-global-color-text ); font-family: var( --e-global-typography-text-font-family ), Sans-serif;\">centres de formation technique au sein de nos industries, les bureaux d\u2019\u00e9tude dans le domaine de\u00a0<\/span><span style=\"font-style: inherit; font-weight: inherit; color: var( --e-global-color-text ); font-family: var( --e-global-typography-text-font-family ), Sans-serif;\">l\u2019automatisme industriel entre autres auront avec Robotis\u00e2mes Professionnel des liens solides de\u00a0<\/span><span style=\"font-style: inherit; font-weight: inherit; color: var( --e-global-color-text ); font-family: var( --e-global-typography-text-font-family ), Sans-serif;\">collaboration technique dans la mise en place des \u00e9quipements \u00e0 co\u00fbts r\u00e9duits en terme de financement et\u00a0<\/span><span style=\"font-style: inherit; font-weight: inherit; color: var( --e-global-color-text ); font-family: var( --e-global-typography-text-font-family ), Sans-serif;\">d\u2019appropriation et mise en place.<\/span><\/p><p><span style=\"font-style: inherit; font-weight: inherit; color: var( --e-global-color-text ); font-family: var( --e-global-typography-text-font-family ), Sans-serif;\">Acqu\u00e9rir, enfin, la connaissance avec l\u2019exclusivit\u00e9 de distribution et de pr\u00e9sentation des Open PLC de\u00a0<\/span><span style=\"font-style: inherit; font-weight: inherit; color: var( --e-global-color-text ); font-family: var( --e-global-typography-text-font-family ), Sans-serif;\">Controllino est un stade glorieux vers un horizon technologique en top \u00e9volution.<\/span><\/p>\t\t\t\t\t\t\t\t<\/div>\n\t\t\t\t<\/div>\n\t\t\t\t\t<\/div>\n\t\t<\/div>\n\t\t\t\t\t<\/div>\n\t\t<\/section>\n\t\t\t\t<section class=\"elementor-section elementor-top-section elementor-element elementor-element-8f8400c elementor-section-boxed elementor-section-height-default elementor-section-height-default wpr-particle-no wpr-jarallax-no wpr-parallax-no wpr-sticky-section-no wpr-equal-height-no\" data-id=\"8f8400c\" data-element_type=\"section\" data-e-type=\"section\">\n\t\t\t\t\t\t<div class=\"elementor-container elementor-column-gap-default\">\n\t\t\t\t\t<div class=\"elementor-column elementor-col-33 elementor-top-column elementor-element elementor-element-7fc3750\" data-id=\"7fc3750\" data-element_type=\"column\" data-e-type=\"column\">\n\t\t\t<div class=\"elementor-widget-wrap\">\n\t\t\t\t\t\t\t<\/div>\n\t\t<\/div>\n\t\t\t\t<div class=\"elementor-column elementor-col-33 elementor-top-column elementor-element elementor-element-d2a447a\" data-id=\"d2a447a\" data-element_type=\"column\" data-e-type=\"column\">\n\t\t\t<div class=\"elementor-widget-wrap elementor-element-populated\">\n\t\t\t\t\t\t<div class=\"elementor-element elementor-element-047be3d elementor-widget elementor-widget-text-editor\" data-id=\"047be3d\" data-element_type=\"widget\" data-e-type=\"widget\" data-widget_type=\"text-editor.default\">\n\t\t\t\t<div class=\"elementor-widget-container\">\n\t\t\t\t\t\t\t\t\t<p><strong>\u00a0<\/strong><\/p><p><strong style=\"font-style: inherit; color: var( --e-global-color-text ); font-family: var( --e-global-typography-text-font-family ), Sans-serif;\">Moulay Hicham CHBOUKI<br \/><\/strong><span style=\"font-style: inherit; font-weight: inherit; color: var( --e-global-color-text ); font-family: var( --e-global-typography-text-font-family ), Sans-serif;\">Fondateur du Robotis\u00e2mes Professionnel<\/span><\/p>\t\t\t\t\t\t\t\t<\/div>\n\t\t\t\t<\/div>\n\t\t\t\t\t<\/div>\n\t\t<\/div>\n\t\t\t\t<div class=\"elementor-column elementor-col-33 elementor-top-column elementor-element elementor-element-5501619\" data-id=\"5501619\" data-element_type=\"column\" data-e-type=\"column\">\n\t\t\t<div class=\"elementor-widget-wrap elementor-element-populated\">\n\t\t\t\t\t\t<div class=\"elementor-element elementor-element-0ddceb5 elementor-widget elementor-widget-image\" data-id=\"0ddceb5\" data-element_type=\"widget\" data-e-type=\"widget\" data-widget_type=\"image.default\">\n\t\t\t\t<div class=\"elementor-widget-container\">\n\t\t\t\t\t\t\t\t\t\t\t\t\t\t\t<img decoding=\"async\" src=\"https:\/\/robotisames.com\/pro\/wp-content\/uploads\/elementor\/thumbs\/hicham-chbouki-e1695301967407-qcqmjhnbuulbqkltbb7noueuuh85ec02hnhl0vhyto.jpeg\" title=\"moulay hicham chbouki\" alt=\"moulay hicham chbouki\" loading=\"lazy\" \/>\t\t\t\t\t\t\t\t\t\t\t\t\t\t\t<\/div>\n\t\t\t\t<\/div>\n\t\t\t\t\t<\/div>\n\t\t<\/div>\n\t\t\t\t\t<\/div>\n\t\t<\/section>\n\t\t\t\t<section class=\"elementor-section elementor-top-section elementor-element elementor-element-10fd9a6 elementor-section-boxed elementor-section-height-default elementor-section-height-default wpr-particle-no wpr-jarallax-no wpr-parallax-no wpr-sticky-section-no wpr-equal-height-no\" data-id=\"10fd9a6\" data-element_type=\"section\" data-e-type=\"section\">\n\t\t\t\t\t\t<div class=\"elementor-container elementor-column-gap-default\">\n\t\t\t\t\t<div class=\"elementor-column elementor-col-100 elementor-top-column elementor-element elementor-element-003e39d\" data-id=\"003e39d\" data-element_type=\"column\" data-e-type=\"column\">\n\t\t\t<div class=\"elementor-widget-wrap elementor-element-populated\">\n\t\t\t\t\t\t<div class=\"elementor-element elementor-element-8a7cace elementor-align-center elementor-widget elementor-widget-button\" data-id=\"8a7cace\" data-element_type=\"widget\" data-e-type=\"widget\" data-widget_type=\"button.default\">\n\t\t\t\t<div class=\"elementor-widget-container\">\n\t\t\t\t\t\t\t\t\t<div class=\"elementor-button-wrapper\">\n\t\t\t\t\t<a class=\"elementor-button elementor-button-link elementor-size-md\" href=\"https:\/\/robotisames.com\/pro\/wp-content\/uploads\/2023\/09\/Solutions-Robotisames-Pro.pdf\">\n\t\t\t\t\t\t<span class=\"elementor-button-content-wrapper\">\n\t\t\t\t\t\t<span class=\"elementor-button-icon\">\n\t\t\t\t<i aria-hidden=\"true\" class=\"fas fa-file-pdf\"><\/i>\t\t\t<\/span>\n\t\t\t\t\t\t\t\t\t<span class=\"elementor-button-text\">T\u00e9l\u00e9chargez notre catalogue de solutions Pro<\/span>\n\t\t\t\t\t<\/span>\n\t\t\t\t\t<\/a>\n\t\t\t\t<\/div>\n\t\t\t\t\t\t\t\t<\/div>\n\t\t\t\t<\/div>\n\t\t\t\t\t<\/div>\n\t\t<\/div>\n\t\t\t\t\t<\/div>\n\t\t<\/section>\n\t\t\t\t<\/div>\n\t\t","protected":false},"excerpt":{"rendered":"<p>A propos de Robotis\u00e2mes Pro Les syst\u00e8mes embarqu\u00e9s Open Source pour l\u2019\u00e9ducation et le prototypage ont une continuit\u00e9 dans l\u2019industrie par le biais des Open PLC\u00a0 Programmable Logic Controller) ou bien en fran\u00e7ais les API (Automates programmables industriels) qui peuvent \u00eatre Open source.\u00a0 Notre choix d\u2019exp\u00e9rimenter et promouvoir Controllino, comme \u00e9tant l\u2019un des meilleurs Open PLC qui existent sur tout le globe, nous offre l\u2019opportunit\u00e9 d\u2019\u00e9voluer du programme Robotis\u00e2mes vers Robotis\u00e2mes professionnel. Les lyc\u00e9es techniques dans les diff\u00e9rentes branches, Les instituts de la formation professionnelle marocains, les\u00a0centres de formation technique au sein de nos industries, les bureaux d\u2019\u00e9tude dans le domaine de\u00a0l\u2019automatisme industriel entre autres auront avec Robotis\u00e2mes Professionnel des liens solides de\u00a0collaboration technique dans la mise en place des \u00e9quipements \u00e0 co\u00fbts r\u00e9duits en terme de financement et\u00a0d\u2019appropriation et mise en place. Acqu\u00e9rir, enfin, la connaissance avec l\u2019exclusivit\u00e9 de distribution et de pr\u00e9sentation des Open PLC de\u00a0Controllino est un stade glorieux vers un horizon technologique en top \u00e9volution. \u00a0 Moulay Hicham CHBOUKIFondateur du Robotis\u00e2mes Professionnel T\u00e9l\u00e9chargez notre catalogue de solutions Pro<\/p>\n","protected":false},"author":1,"featured_media":0,"parent":0,"menu_order":0,"comment_status":"closed","ping_status":"closed","template":"","meta":{"site-sidebar-layout":"no-sidebar","site-content-layout":"page-builder","ast-site-content-layout":"full-width-container","site-content-style":"default","site-sidebar-style":"default","ast-global-header-display":"","ast-banner-title-visibility":"","ast-main-header-display":"","ast-hfb-above-header-display":"","ast-hfb-below-header-display":"","ast-hfb-mobile-header-display":"","site-post-title":"disabled","ast-breadcrumbs-content":"","ast-featured-img":"disabled","footer-sml-layout":"","theme-transparent-header-meta":"","adv-header-id-meta":"","stick-header-meta":"","header-above-stick-meta":"","header-main-stick-meta":"","header-below-stick-meta":"","astra-migrate-meta-layouts":"set","ast-page-background-enabled":"default","ast-page-background-meta":{"desktop":{"background-color":"var(--ast-global-color-4)","background-image":"","background-repeat":"repeat","background-position":"center center","background-size":"auto","background-attachment":"scroll","background-type":"","background-media":"","overlay-type":"","overlay-color":"","overlay-opacity":"","overlay-gradient":""},"tablet":{"background-color":"","background-image":"","background-repeat":"repeat","background-position":"center center","background-size":"auto","background-attachment":"scroll","background-type":"","background-media":"","overlay-type":"","overlay-color":"","overlay-opacity":"","overlay-gradient":""},"mobile":{"background-color":"","background-image":"","background-repeat":"repeat","background-position":"center center","background-size":"auto","background-attachment":"scroll","background-type":"","background-media":"","overlay-type":"","overlay-color":"","overlay-opacity":"","overlay-gradient":""}},"ast-content-background-meta":{"desktop":{"background-color":"var(--ast-global-color-5)","background-image":"","background-repeat":"repeat","background-position":"center center","background-size":"auto","background-attachment":"scroll","background-type":"","background-media":"","overlay-type":"","overlay-color":"","overlay-opacity":"","overlay-gradient":""},"tablet":{"background-color":"var(--ast-global-color-5)","background-image":"","background-repeat":"repeat","background-position":"center center","background-size":"auto","background-attachment":"scroll","background-type":"","background-media":"","overlay-type":"","overlay-color":"","overlay-opacity":"","overlay-gradient":""},"mobile":{"background-color":"var(--ast-global-color-5)","background-image":"","background-repeat":"repeat","background-position":"center center","background-size":"auto","background-attachment":"scroll","background-type":"","background-media":"","overlay-type":"","overlay-color":"","overlay-opacity":"","overlay-gradient":""}},"footnotes":""},"class_list":["post-474","page","type-page","status-publish","hentry"],"yoast_head":"<!-- This site is optimized with the Yoast SEO plugin v27.4 - https:\/\/yoast.com\/product\/yoast-seo-wordpress\/ -->\n<title>A propos de Robotis\u00e2mes Pro\u200b - Robotis\u00e2mes Pro<\/title>\n<meta name=\"robots\" content=\"index, follow, max-snippet:-1, max-image-preview:large, max-video-preview:-1\" \/>\n<link rel=\"canonical\" href=\"https:\/\/robotisames.com\/pro\/a-propos-robotisames-pro\" \/>\n<meta property=\"og:locale\" content=\"fr_FR\" \/>\n<meta property=\"og:type\" content=\"article\" \/>\n<meta property=\"og:title\" content=\"A propos de Robotis\u00e2mes Pro\u200b - Robotis\u00e2mes Pro\" \/>\n<meta property=\"og:description\" content=\"A propos de Robotis\u00e2mes Pro Les syst\u00e8mes embarqu\u00e9s Open Source pour l\u2019\u00e9ducation et le prototypage ont une continuit\u00e9 dans l\u2019industrie par le biais des Open PLC\u00a0 Programmable Logic Controller) ou bien en fran\u00e7ais les API (Automates programmables industriels) qui peuvent \u00eatre Open source.\u00a0 Notre choix d\u2019exp\u00e9rimenter et promouvoir Controllino, comme \u00e9tant l\u2019un des meilleurs Open PLC qui existent sur tout le globe, nous offre l\u2019opportunit\u00e9 d\u2019\u00e9voluer du programme Robotis\u00e2mes vers Robotis\u00e2mes professionnel. Les lyc\u00e9es techniques dans les diff\u00e9rentes branches, Les instituts de la formation professionnelle marocains, les\u00a0centres de formation technique au sein de nos industries, les bureaux d\u2019\u00e9tude dans le domaine de\u00a0l\u2019automatisme industriel entre autres auront avec Robotis\u00e2mes Professionnel des liens solides de\u00a0collaboration technique dans la mise en place des \u00e9quipements \u00e0 co\u00fbts r\u00e9duits en terme de financement et\u00a0d\u2019appropriation et mise en place. Acqu\u00e9rir, enfin, la connaissance avec l\u2019exclusivit\u00e9 de distribution et de pr\u00e9sentation des Open PLC de\u00a0Controllino est un stade glorieux vers un horizon technologique en top \u00e9volution. \u00a0 Moulay Hicham CHBOUKIFondateur du Robotis\u00e2mes Professionnel T\u00e9l\u00e9chargez notre catalogue de solutions Pro\" \/>\n<meta property=\"og:url\" content=\"https:\/\/robotisames.com\/pro\/a-propos-robotisames-pro\" \/>\n<meta property=\"og:site_name\" content=\"Robotis\u00e2mes Pro\" \/>\n<meta property=\"article:modified_time\" content=\"2023-09-21T13:39:49+00:00\" \/>\n<meta property=\"og:image\" content=\"https:\/\/robotisames.com\/pro\/wp-content\/uploads\/elementor\/thumbs\/hicham-chbouki-e1695301967407-qcqmjhnbuulbqkltbb7noueuuh85ec02hnhl0vhyto.jpeg\" \/>\n<meta name=\"twitter:card\" content=\"summary_large_image\" \/>\n<meta name=\"twitter:label1\" content=\"Dur\u00e9e de lecture estim\u00e9e\" \/>\n\t<meta name=\"twitter:data1\" content=\"2 minutes\" \/>\n<script type=\"application\/ld+json\" class=\"yoast-schema-graph\">{\"@context\":\"https:\\\/\\\/schema.org\",\"@graph\":[{\"@type\":\"WebPage\",\"@id\":\"https:\\\/\\\/robotisames.com\\\/pro\\\/a-propos-robotisames-pro\",\"url\":\"https:\\\/\\\/robotisames.com\\\/pro\\\/a-propos-robotisames-pro\",\"name\":\"A propos de Robotis\u00e2mes Pro\u200b - Robotis\u00e2mes Pro\",\"isPartOf\":{\"@id\":\"https:\\\/\\\/robotisames.com\\\/pro\\\/#website\"},\"primaryImageOfPage\":{\"@id\":\"https:\\\/\\\/robotisames.com\\\/pro\\\/a-propos-robotisames-pro#primaryimage\"},\"image\":{\"@id\":\"https:\\\/\\\/robotisames.com\\\/pro\\\/a-propos-robotisames-pro#primaryimage\"},\"thumbnailUrl\":\"https:\\\/\\\/robotisames.com\\\/pro\\\/wp-content\\\/uploads\\\/elementor\\\/thumbs\\\/hicham-chbouki-e1695301967407-qcqmjhnbuulbqkltbb7noueuuh85ec02hnhl0vhyto.jpeg\",\"datePublished\":\"2023-09-21T13:12:34+00:00\",\"dateModified\":\"2023-09-21T13:39:49+00:00\",\"breadcrumb\":{\"@id\":\"https:\\\/\\\/robotisames.com\\\/pro\\\/a-propos-robotisames-pro#breadcrumb\"},\"inLanguage\":\"fr-FR\",\"potentialAction\":[{\"@type\":\"ReadAction\",\"target\":[\"https:\\\/\\\/robotisames.com\\\/pro\\\/a-propos-robotisames-pro\"]}]},{\"@type\":\"ImageObject\",\"inLanguage\":\"fr-FR\",\"@id\":\"https:\\\/\\\/robotisames.com\\\/pro\\\/a-propos-robotisames-pro#primaryimage\",\"url\":\"https:\\\/\\\/robotisames.com\\\/pro\\\/wp-content\\\/uploads\\\/elementor\\\/thumbs\\\/hicham-chbouki-e1695301967407-qcqmjhnbuulbqkltbb7noueuuh85ec02hnhl0vhyto.jpeg\",\"contentUrl\":\"https:\\\/\\\/robotisames.com\\\/pro\\\/wp-content\\\/uploads\\\/elementor\\\/thumbs\\\/hicham-chbouki-e1695301967407-qcqmjhnbuulbqkltbb7noueuuh85ec02hnhl0vhyto.jpeg\"},{\"@type\":\"BreadcrumbList\",\"@id\":\"https:\\\/\\\/robotisames.com\\\/pro\\\/a-propos-robotisames-pro#breadcrumb\",\"itemListElement\":[{\"@type\":\"ListItem\",\"position\":1,\"name\":\"Accueil\",\"item\":\"https:\\\/\\\/robotisames.com\\\/pro\\\/\"},{\"@type\":\"ListItem\",\"position\":2,\"name\":\"A propos de Robotis\u00e2mes Pro\u200b\"}]},{\"@type\":\"WebSite\",\"@id\":\"https:\\\/\\\/robotisames.com\\\/pro\\\/#website\",\"url\":\"https:\\\/\\\/robotisames.com\\\/pro\\\/\",\"name\":\"Robotis\u00e2mes Pro\",\"description\":\"Distributeur officiel Industrial Shields au Maroc\",\"publisher\":{\"@id\":\"https:\\\/\\\/robotisames.com\\\/pro\\\/#organization\"},\"potentialAction\":[{\"@type\":\"SearchAction\",\"target\":{\"@type\":\"EntryPoint\",\"urlTemplate\":\"https:\\\/\\\/robotisames.com\\\/pro\\\/?s={search_term_string}\"},\"query-input\":{\"@type\":\"PropertyValueSpecification\",\"valueRequired\":true,\"valueName\":\"search_term_string\"}}],\"inLanguage\":\"fr-FR\"},{\"@type\":\"Organization\",\"@id\":\"https:\\\/\\\/robotisames.com\\\/pro\\\/#organization\",\"name\":\"Robotis\u00e2mes Pro\",\"url\":\"https:\\\/\\\/robotisames.com\\\/pro\\\/\",\"logo\":{\"@type\":\"ImageObject\",\"inLanguage\":\"fr-FR\",\"@id\":\"https:\\\/\\\/robotisames.com\\\/pro\\\/#\\\/schema\\\/logo\\\/image\\\/\",\"url\":\"https:\\\/\\\/robotisames.com\\\/pro\\\/wp-content\\\/uploads\\\/2023\\\/02\\\/logo-robotisames-pro.png\",\"contentUrl\":\"https:\\\/\\\/robotisames.com\\\/pro\\\/wp-content\\\/uploads\\\/2023\\\/02\\\/logo-robotisames-pro.png\",\"width\":2172,\"height\":330,\"caption\":\"Robotis\u00e2mes Pro\"},\"image\":{\"@id\":\"https:\\\/\\\/robotisames.com\\\/pro\\\/#\\\/schema\\\/logo\\\/image\\\/\"}}]}<\/script>\n<!-- \/ Yoast SEO plugin. -->","yoast_head_json":{"title":"A propos de Robotis\u00e2mes Pro\u200b - Robotis\u00e2mes Pro","robots":{"index":"index","follow":"follow","max-snippet":"max-snippet:-1","max-image-preview":"max-image-preview:large","max-video-preview":"max-video-preview:-1"},"canonical":"https:\/\/robotisames.com\/pro\/a-propos-robotisames-pro","og_locale":"fr_FR","og_type":"article","og_title":"A propos de Robotis\u00e2mes Pro\u200b - Robotis\u00e2mes Pro","og_description":"A propos de Robotis\u00e2mes Pro Les syst\u00e8mes embarqu\u00e9s Open Source pour l\u2019\u00e9ducation et le prototypage ont une continuit\u00e9 dans l\u2019industrie par le biais des Open PLC\u00a0 Programmable Logic Controller) ou bien en fran\u00e7ais les API (Automates programmables industriels) qui peuvent \u00eatre Open source.\u00a0 Notre choix d\u2019exp\u00e9rimenter et promouvoir Controllino, comme \u00e9tant l\u2019un des meilleurs Open PLC qui existent sur tout le globe, nous offre l\u2019opportunit\u00e9 d\u2019\u00e9voluer du programme Robotis\u00e2mes vers Robotis\u00e2mes professionnel. Les lyc\u00e9es techniques dans les diff\u00e9rentes branches, Les instituts de la formation professionnelle marocains, les\u00a0centres de formation technique au sein de nos industries, les bureaux d\u2019\u00e9tude dans le domaine de\u00a0l\u2019automatisme industriel entre autres auront avec Robotis\u00e2mes Professionnel des liens solides de\u00a0collaboration technique dans la mise en place des \u00e9quipements \u00e0 co\u00fbts r\u00e9duits en terme de financement et\u00a0d\u2019appropriation et mise en place. Acqu\u00e9rir, enfin, la connaissance avec l\u2019exclusivit\u00e9 de distribution et de pr\u00e9sentation des Open PLC de\u00a0Controllino est un stade glorieux vers un horizon technologique en top \u00e9volution. \u00a0 Moulay Hicham CHBOUKIFondateur du Robotis\u00e2mes Professionnel T\u00e9l\u00e9chargez notre catalogue de solutions Pro","og_url":"https:\/\/robotisames.com\/pro\/a-propos-robotisames-pro","og_site_name":"Robotis\u00e2mes Pro","article_modified_time":"2023-09-21T13:39:49+00:00","og_image":[{"url":"https:\/\/robotisames.com\/pro\/wp-content\/uploads\/elementor\/thumbs\/hicham-chbouki-e1695301967407-qcqmjhnbuulbqkltbb7noueuuh85ec02hnhl0vhyto.jpeg","type":"","width":"","height":""}],"twitter_card":"summary_large_image","twitter_misc":{"Dur\u00e9e de lecture estim\u00e9e":"2 minutes"},"schema":{"@context":"https:\/\/schema.org","@graph":[{"@type":"WebPage","@id":"https:\/\/robotisames.com\/pro\/a-propos-robotisames-pro","url":"https:\/\/robotisames.com\/pro\/a-propos-robotisames-pro","name":"A propos de Robotis\u00e2mes Pro\u200b - Robotis\u00e2mes Pro","isPartOf":{"@id":"https:\/\/robotisames.com\/pro\/#website"},"primaryImageOfPage":{"@id":"https:\/\/robotisames.com\/pro\/a-propos-robotisames-pro#primaryimage"},"image":{"@id":"https:\/\/robotisames.com\/pro\/a-propos-robotisames-pro#primaryimage"},"thumbnailUrl":"https:\/\/robotisames.com\/pro\/wp-content\/uploads\/elementor\/thumbs\/hicham-chbouki-e1695301967407-qcqmjhnbuulbqkltbb7noueuuh85ec02hnhl0vhyto.jpeg","datePublished":"2023-09-21T13:12:34+00:00","dateModified":"2023-09-21T13:39:49+00:00","breadcrumb":{"@id":"https:\/\/robotisames.com\/pro\/a-propos-robotisames-pro#breadcrumb"},"inLanguage":"fr-FR","potentialAction":[{"@type":"ReadAction","target":["https:\/\/robotisames.com\/pro\/a-propos-robotisames-pro"]}]},{"@type":"ImageObject","inLanguage":"fr-FR","@id":"https:\/\/robotisames.com\/pro\/a-propos-robotisames-pro#primaryimage","url":"https:\/\/robotisames.com\/pro\/wp-content\/uploads\/elementor\/thumbs\/hicham-chbouki-e1695301967407-qcqmjhnbuulbqkltbb7noueuuh85ec02hnhl0vhyto.jpeg","contentUrl":"https:\/\/robotisames.com\/pro\/wp-content\/uploads\/elementor\/thumbs\/hicham-chbouki-e1695301967407-qcqmjhnbuulbqkltbb7noueuuh85ec02hnhl0vhyto.jpeg"},{"@type":"BreadcrumbList","@id":"https:\/\/robotisames.com\/pro\/a-propos-robotisames-pro#breadcrumb","itemListElement":[{"@type":"ListItem","position":1,"name":"Accueil","item":"https:\/\/robotisames.com\/pro\/"},{"@type":"ListItem","position":2,"name":"A propos de Robotis\u00e2mes Pro\u200b"}]},{"@type":"WebSite","@id":"https:\/\/robotisames.com\/pro\/#website","url":"https:\/\/robotisames.com\/pro\/","name":"Robotis\u00e2mes Pro","description":"Distributeur officiel Industrial Shields au Maroc","publisher":{"@id":"https:\/\/robotisames.com\/pro\/#organization"},"potentialAction":[{"@type":"SearchAction","target":{"@type":"EntryPoint","urlTemplate":"https:\/\/robotisames.com\/pro\/?s={search_term_string}"},"query-input":{"@type":"PropertyValueSpecification","valueRequired":true,"valueName":"search_term_string"}}],"inLanguage":"fr-FR"},{"@type":"Organization","@id":"https:\/\/robotisames.com\/pro\/#organization","name":"Robotis\u00e2mes Pro","url":"https:\/\/robotisames.com\/pro\/","logo":{"@type":"ImageObject","inLanguage":"fr-FR","@id":"https:\/\/robotisames.com\/pro\/#\/schema\/logo\/image\/","url":"https:\/\/robotisames.com\/pro\/wp-content\/uploads\/2023\/02\/logo-robotisames-pro.png","contentUrl":"https:\/\/robotisames.com\/pro\/wp-content\/uploads\/2023\/02\/logo-robotisames-pro.png","width":2172,"height":330,"caption":"Robotis\u00e2mes Pro"},"image":{"@id":"https:\/\/robotisames.com\/pro\/#\/schema\/logo\/image\/"}}]}},"_links":{"self":[{"href":"https:\/\/robotisames.com\/pro\/wp-json\/wp\/v2\/pages\/474","targetHints":{"allow":["GET"]}}],"collection":[{"href":"https:\/\/robotisames.com\/pro\/wp-json\/wp\/v2\/pages"}],"about":[{"href":"https:\/\/robotisames.com\/pro\/wp-json\/wp\/v2\/types\/page"}],"author":[{"embeddable":true,"href":"https:\/\/robotisames.com\/pro\/wp-json\/wp\/v2\/users\/1"}],"replies":[{"embeddable":true,"href":"https:\/\/robotisames.com\/pro\/wp-json\/wp\/v2\/comments?post=474"}],"version-history":[{"count":11,"href":"https:\/\/robotisames.com\/pro\/wp-json\/wp\/v2\/pages\/474\/revisions"}],"predecessor-version":[{"id":519,"href":"https:\/\/robotisames.com\/pro\/wp-json\/wp\/v2\/pages\/474\/revisions\/519"}],"wp:attachment":[{"href":"https:\/\/robotisames.com\/pro\/wp-json\/wp\/v2\/media?parent=474"}],"curies":[{"name":"wp","href":"https:\/\/api.w.org\/{rel}","templated":true}]}}